Last updated on 2021-07-01 01:49:11 CEST.
Flavor | Version | Tinstall | Tcheck | Ttotal | Status | Flags |
---|---|---|---|---|---|---|
r-devel-linux-x86_64-debian-clang | 0.9.5 | 6.17 | 285.98 | 292.15 | NOTE | |
r-devel-linux-x86_64-debian-gcc | 0.9.5 | 4.68 | 186.58 | 191.26 | NOTE | |
r-devel-linux-x86_64-fedora-clang | 0.9.5 | 330.53 | NOTE | |||
r-devel-linux-x86_64-fedora-gcc | 0.9.5 | 323.97 | NOTE | |||
r-devel-windows-x86_64 | 0.9.5 | 8.00 | 304.00 | 312.00 | NOTE | |
r-devel-windows-x86_64-gcc10-UCRT | 0.9.5 | NOTE | ||||
r-patched-linux-x86_64 | 0.9.5 | 5.79 | 262.28 | 268.07 | NOTE | |
r-patched-solaris-x86 | 0.9.5 | 444.70 | NOTE | |||
r-release-linux-x86_64 | 0.9.5 | 4.81 | 262.57 | 267.38 | NOTE | |
r-release-macos-arm64 | 0.9.5 | NOTE | ||||
r-release-macos-x86_64 | 0.9.5 | NOTE | ||||
r-release-windows-ix86+x86_64 | 0.9.5 | 17.00 | 279.00 | 296.00 | NOTE | |
r-oldrel-macos-x86_64 | 0.9.5 | OK | ||||
r-oldrel-windows-ix86+x86_64 | 0.9.5 | 11.00 | 309.00 | 320.00 | OK |
Version: 0.9.5
Check: LazyData
Result: NOTE
'LazyData' is specified without a 'data' directory
Flavors: r-devel-linux-x86_64-debian-clang, r-devel-linux-x86_64-debian-gcc, r-devel-linux-x86_64-fedora-clang, r-devel-linux-x86_64-fedora-gcc, r-devel-windows-x86_64, r-devel-windows-x86_64-gcc10-UCRT, r-patched-linux-x86_64, r-patched-solaris-x86, r-release-linux-x86_64, r-release-macos-arm64, r-release-macos-x86_64, r-release-windows-ix86+x86_64