CRAN Package Check Results for Package eoffice

Last updated on 2021-07-01 01:49:11 CEST.

Flavor Version Tinstall Tcheck Ttotal Status Flags
r-devel-linux-x86_64-debian-clang 0.2.1 8.78 90.61 99.39 NOTE
r-devel-linux-x86_64-debian-gcc 0.2.1 6.79 66.67 73.46 NOTE
r-devel-linux-x86_64-fedora-clang 0.2.1 132.49 NOTE
r-devel-linux-x86_64-fedora-gcc 0.2.1 113.96 NOTE
r-devel-windows-x86_64 0.2.1 21.00 125.00 146.00 NOTE
r-devel-windows-x86_64-gcc10-UCRT 0.2.1 NOTE
r-patched-linux-x86_64 0.2.1 8.18 83.71 91.89 NOTE
r-patched-solaris-x86 0.2.1 162.50 NOTE
r-release-linux-x86_64 0.2.1 7.73 83.82 91.55 NOTE
r-release-macos-arm64 0.2.1 NOTE
r-release-macos-x86_64 0.2.1 NOTE
r-release-windows-ix86+x86_64 0.2.1 24.00 119.00 143.00 NOTE
r-oldrel-macos-x86_64 0.2.1 OK
r-oldrel-windows-ix86+x86_64 0.2.1 22.00 107.00 129.00 OK

Check Details

Version: 0.2.1
Check: LazyData
Result: NOTE
     'LazyData' is specified without a 'data' directory
Flavors: r-devel-linux-x86_64-debian-clang, r-devel-linux-x86_64-debian-gcc, r-devel-linux-x86_64-fedora-clang, r-devel-linux-x86_64-fedora-gcc, r-devel-windows-x86_64, r-devel-windows-x86_64-gcc10-UCRT, r-patched-linux-x86_64, r-patched-solaris-x86, r-release-linux-x86_64, r-release-macos-arm64, r-release-macos-x86_64, r-release-windows-ix86+x86_64