Last updated on 2021-07-01 01:49:11 CEST.
Flavor | Version | Tinstall | Tcheck | Ttotal | Status | Flags |
---|---|---|---|---|---|---|
r-devel-linux-x86_64-debian-clang | 1.0.0 | 2.97 | 49.16 | 52.13 | OK | |
r-devel-linux-x86_64-debian-gcc | 1.0.0 | 2.53 | 37.41 | 39.94 | OK | |
r-devel-linux-x86_64-fedora-clang | 1.0.0 | 69.82 | NOTE | |||
r-devel-linux-x86_64-fedora-gcc | 1.0.0 | 60.36 | NOTE | |||
r-devel-windows-x86_64 | 1.0.0 | 15.00 | 70.00 | 85.00 | OK | |
r-devel-windows-x86_64-gcc10-UCRT | 1.0.0 | NOTE | ||||
r-patched-linux-x86_64 | 1.0.0 | 2.92 | 44.38 | 47.30 | OK | |
r-patched-solaris-x86 | 1.0.0 | 92.20 | NOTE | |||
r-release-linux-x86_64 | 1.0.0 | 3.21 | 44.40 | 47.61 | OK | |
r-release-macos-arm64 | 1.0.0 | NOTE | ||||
r-release-macos-x86_64 | 1.0.0 | NOTE | ||||
r-release-windows-ix86+x86_64 | 1.0.0 | 8.00 | 65.00 | 73.00 | OK | |
r-oldrel-macos-x86_64 | 1.0.0 | NOTE | ||||
r-oldrel-windows-ix86+x86_64 | 1.0.0 | 8.00 | 63.00 | 71.00 | OK |
Version: 1.0.0
Check: dependencies in R code
Result: NOTE
Namespaces in Imports field not imported from:
‘RSpectra’ ‘tidyverse’
All declared Imports should be used.
Flavors: r-devel-linux-x86_64-fedora-clang, r-devel-linux-x86_64-fedora-gcc, r-devel-windows-x86_64-gcc10-UCRT, r-patched-solaris-x86, r-release-macos-arm64, r-release-macos-x86_64, r-oldrel-macos-x86_64