Last updated on 2021-07-01 01:49:11 CEST.
Flavor | Version | Tinstall | Tcheck | Ttotal | Status | Flags |
---|---|---|---|---|---|---|
r-devel-linux-x86_64-debian-clang | 0.6-5 | 6.75 | 53.99 | 60.74 | OK | |
r-devel-linux-x86_64-debian-gcc | 0.6-5 | 5.62 | 40.36 | 45.98 | OK | |
r-devel-linux-x86_64-fedora-clang | 0.6-5 | 83.65 | OK | |||
r-devel-linux-x86_64-fedora-gcc | 0.6-5 | 70.05 | OK | |||
r-devel-windows-x86_64 | 0.6-5 | 10.00 | 77.00 | 87.00 | OK | |
r-devel-windows-x86_64-gcc10-UCRT | 0.6-5 | OK | ||||
r-patched-linux-x86_64 | 0.6-5 | 7.51 | 50.49 | 58.00 | OK | |
r-patched-solaris-x86 | 0.6-5 | 99.80 | NOTE | |||
r-release-linux-x86_64 | 0.6-5 | 7.23 | 50.49 | 57.72 | OK | |
r-release-macos-arm64 | 0.6-5 | OK | ||||
r-release-macos-x86_64 | 0.6-5 | OK | ||||
r-release-windows-ix86+x86_64 | 0.6-5 | 35.00 | 76.00 | 111.00 | OK | |
r-oldrel-macos-x86_64 | 0.6-5 | OK | ||||
r-oldrel-windows-ix86+x86_64 | 0.6-5 | 15.00 | 61.00 | 76.00 | OK |
Version: 0.6-5
Check: package dependencies
Result: NOTE
Package suggested but not available for checking: ‘statnet’
Flavor: r-patched-solaris-x86