Last updated on 2021-07-01 01:49:11 CEST.
Flavor | Version | Tinstall | Tcheck | Ttotal | Status | Flags |
---|---|---|---|---|---|---|
r-devel-linux-x86_64-debian-clang | 2.0.7 | 5.92 | 100.61 | 106.53 | NOTE | |
r-devel-linux-x86_64-debian-gcc | 2.0.7 | 4.24 | 71.34 | 75.58 | NOTE | |
r-devel-linux-x86_64-fedora-clang | 2.0.7 | 129.97 | NOTE | |||
r-devel-linux-x86_64-fedora-gcc | 2.0.7 | 120.59 | NOTE | |||
r-devel-windows-x86_64 | 2.0.7 | 10.00 | 116.00 | 126.00 | NOTE | |
r-devel-windows-x86_64-gcc10-UCRT | 2.0.7 | NOTE | ||||
r-patched-linux-x86_64 | 2.0.7 | 6.03 | 94.08 | 100.11 | NOTE | |
r-patched-solaris-x86 | 2.0.7 | 158.90 | NOTE | |||
r-release-linux-x86_64 | 2.0.7 | 5.24 | 93.92 | 99.16 | NOTE | |
r-release-macos-arm64 | 2.0.7 | NOTE | ||||
r-release-macos-x86_64 | 2.0.7 | NOTE | ||||
r-release-windows-ix86+x86_64 | 2.0.7 | 10.00 | 87.00 | 97.00 | NOTE | |
r-oldrel-macos-x86_64 | 2.0.7 | NOTE | ||||
r-oldrel-windows-ix86+x86_64 | 2.0.7 | 10.00 | 85.00 | 95.00 | NOTE |
Version: 2.0.7
Check: files in ‘vignettes’
Result: NOTE
The following files contain a license that requires
distribution of original sources:
'upgreek.sty'
Please ensure that you have complied with it.
Flavors: r-devel-linux-x86_64-debian-clang, r-devel-linux-x86_64-debian-gcc, r-devel-linux-x86_64-fedora-clang, r-devel-linux-x86_64-fedora-gcc, r-devel-windows-x86_64, r-devel-windows-x86_64-gcc10-UCRT, r-patched-linux-x86_64, r-patched-solaris-x86, r-release-linux-x86_64, r-release-macos-arm64, r-release-macos-x86_64, r-release-windows-ix86+x86_64, r-oldrel-macos-x86_64, r-oldrel-windows-ix86+x86_64