CRAN Package Check Results for Package errum

Last updated on 2021-07-01 01:49:11 CEST.

Flavor Version Tinstall Tcheck Ttotal Status Flags
r-devel-linux-x86_64-debian-clang 0.0.3 42.08 29.69 71.77 NOTE
r-devel-linux-x86_64-debian-gcc 0.0.3 25.70 23.13 48.83 NOTE
r-devel-linux-x86_64-fedora-clang 0.0.3 102.20 NOTE
r-devel-linux-x86_64-fedora-gcc 0.0.3 88.45 NOTE
r-devel-windows-x86_64 0.0.3 37.00 59.00 96.00 NOTE
r-devel-windows-x86_64-gcc10-UCRT 0.0.3 NOTE
r-patched-linux-x86_64 0.0.3 30.06 28.83 58.89 NOTE
r-patched-solaris-x86 0.0.3 94.90 NOTE
r-release-linux-x86_64 0.0.3 33.84 28.87 62.71 NOTE
r-release-macos-arm64 0.0.3 NOTE
r-release-macos-x86_64 0.0.3 NOTE
r-release-windows-ix86+x86_64 0.0.3 73.00 72.00 145.00 NOTE
r-oldrel-macos-x86_64 0.0.3 OK
r-oldrel-windows-ix86+x86_64 0.0.3 89.00 81.00 170.00 OK

Check Details

Version: 0.0.3
Check: LazyData
Result: NOTE
     'LazyData' is specified without a 'data' directory
Flavors: r-devel-linux-x86_64-debian-clang, r-devel-linux-x86_64-debian-gcc, r-devel-linux-x86_64-fedora-clang, r-devel-linux-x86_64-fedora-gcc, r-devel-windows-x86_64, r-devel-windows-x86_64-gcc10-UCRT, r-patched-linux-x86_64, r-patched-solaris-x86, r-release-linux-x86_64, r-release-macos-arm64, r-release-macos-x86_64, r-release-windows-ix86+x86_64