CRAN Package Check Results for Package fRegression

Last updated on 2021-07-01 01:49:12 CEST.

Flavor Version Tinstall Tcheck Ttotal Status Flags
r-devel-linux-x86_64-debian-clang 3042.82 8.37 67.04 75.41 NOTE
r-devel-linux-x86_64-debian-gcc 3042.82 6.31 49.18 55.49 NOTE
r-devel-linux-x86_64-fedora-clang 3042.82 93.45 NOTE
r-devel-linux-x86_64-fedora-gcc 3042.82 84.04 NOTE
r-devel-windows-x86_64 3042.82 11.00 83.00 94.00 NOTE
r-devel-windows-x86_64-gcc10-UCRT 3042.82 NOTE
r-patched-linux-x86_64 3042.82 9.59 61.92 71.51 NOTE
r-patched-solaris-x86 3042.82 120.20 NOTE
r-release-linux-x86_64 3042.82 6.71 62.47 69.18 NOTE
r-release-macos-arm64 3042.82 NOTE
r-release-macos-x86_64 3042.82 NOTE
r-release-windows-ix86+x86_64 3042.82 23.00 73.00 96.00 NOTE
r-oldrel-macos-x86_64 3042.82 OK
r-oldrel-windows-ix86+x86_64 3042.82 18.00 75.00 93.00 OK

Check Details

Version: 3042.82
Check: LazyData
Result: NOTE
     'LazyData' is specified without a 'data' directory
Flavors: r-devel-linux-x86_64-debian-clang, r-devel-linux-x86_64-debian-gcc, r-devel-linux-x86_64-fedora-clang, r-devel-linux-x86_64-fedora-gcc, r-devel-windows-x86_64, r-devel-windows-x86_64-gcc10-UCRT, r-patched-linux-x86_64, r-patched-solaris-x86, r-release-linux-x86_64, r-release-macos-arm64, r-release-macos-x86_64, r-release-windows-ix86+x86_64