Last updated on 2021-07-01 01:49:11 CEST.
Flavor | Version | Tinstall | Tcheck | Ttotal | Status | Flags |
---|---|---|---|---|---|---|
r-devel-linux-x86_64-debian-clang | 0.4.0 | 15.73 | 198.94 | 214.67 | OK | |
r-devel-linux-x86_64-debian-gcc | 0.4.0 | 12.39 | 143.38 | 155.77 | OK | |
r-devel-linux-x86_64-fedora-clang | 0.4.0 | 252.22 | NOTE | |||
r-devel-linux-x86_64-fedora-gcc | 0.4.0 | 244.82 | NOTE | |||
r-devel-windows-x86_64 | 0.4.0 | 30.00 | 227.00 | 257.00 | OK | |
r-devel-windows-x86_64-gcc10-UCRT | 0.4.0 | NOTE | ||||
r-patched-linux-x86_64 | 0.4.0 | 15.22 | 180.84 | 196.06 | OK | |
r-patched-solaris-x86 | 0.4.0 | 343.40 | NOTE | |||
r-release-linux-x86_64 | 0.4.0 | 13.98 | 180.91 | 194.89 | OK | |
r-release-macos-arm64 | 0.4.0 | NOTE | ||||
r-release-macos-x86_64 | 0.4.0 | NOTE | ||||
r-release-windows-ix86+x86_64 | 0.4.0 | 37.00 | 217.00 | 254.00 | OK | |
r-oldrel-macos-x86_64 | 0.4.0 | NOTE | ||||
r-oldrel-windows-ix86+x86_64 | 0.4.0 | 33.00 | 190.00 | 223.00 | OK |
Version: 0.4.0
Check: dependencies in R code
Result: NOTE
Namespaces in Imports field not imported from:
‘forcats’ ‘formula.tools’
All declared Imports should be used.
Flavors: r-devel-linux-x86_64-fedora-clang, r-devel-linux-x86_64-fedora-gcc, r-devel-windows-x86_64-gcc10-UCRT, r-patched-solaris-x86, r-release-macos-arm64, r-release-macos-x86_64, r-oldrel-macos-x86_64