CRAN Package Check Results for Package fakemake

Last updated on 2021-07-01 01:49:11 CEST.

Flavor Version Tinstall Tcheck Ttotal Status Flags
r-devel-linux-x86_64-debian-clang 1.10.1 2.14 72.38 74.52 NOTE
r-devel-linux-x86_64-debian-gcc 1.10.1 2.12 55.94 58.06 NOTE
r-devel-linux-x86_64-fedora-clang 1.10.1 99.43 NOTE
r-devel-linux-x86_64-fedora-gcc 1.10.1 98.77 NOTE
r-devel-windows-x86_64 1.10.1 7.00 120.00 127.00 NOTE
r-devel-windows-x86_64-gcc10-UCRT 1.10.1 NOTE
r-patched-linux-x86_64 1.10.1 2.80 69.20 72.00 NOTE
r-patched-solaris-x86 1.10.1 136.10 NOTE
r-release-linux-x86_64 1.10.1 2.50 69.41 71.91 NOTE
r-release-macos-arm64 1.10.1 NOTE
r-release-macos-x86_64 1.10.1 NOTE
r-release-windows-ix86+x86_64 1.10.1 6.00 118.00 124.00 NOTE
r-oldrel-macos-x86_64 1.10.1 NOTE
r-oldrel-windows-ix86+x86_64 1.10.1 6.00 164.00 170.00 OK

Check Details

Version: 1.10.1
Check: LazyData
Result: NOTE
     'LazyData' is specified without a 'data' directory
Flavors: r-devel-linux-x86_64-debian-clang, r-devel-linux-x86_64-debian-gcc, r-devel-linux-x86_64-fedora-clang, r-devel-linux-x86_64-fedora-gcc, r-devel-windows-x86_64, r-devel-windows-x86_64-gcc10-UCRT, r-patched-linux-x86_64, r-patched-solaris-x86, r-release-linux-x86_64, r-release-macos-arm64, r-release-macos-x86_64, r-release-windows-ix86+x86_64

Version: 1.10.1
Check: dependencies in R code
Result: NOTE
    Namespace in Imports field not imported from: ‘fritools’
     All declared Imports should be used.
Flavors: r-devel-linux-x86_64-fedora-clang, r-devel-linux-x86_64-fedora-gcc, r-devel-windows-x86_64-gcc10-UCRT, r-patched-solaris-x86, r-release-macos-arm64, r-release-macos-x86_64, r-oldrel-macos-x86_64