Last updated on 2021-07-01 01:49:11 CEST.
Flavor | Version | Tinstall | Tcheck | Ttotal | Status | Flags |
---|---|---|---|---|---|---|
r-devel-linux-x86_64-debian-clang | 1.0.0 | 44.26 | 33.33 | 77.59 | NOTE | |
r-devel-linux-x86_64-debian-gcc | 1.0.0 | 28.65 | 25.91 | 54.56 | NOTE | |
r-devel-linux-x86_64-fedora-clang | 1.0.0 | 117.28 | NOTE | |||
r-devel-linux-x86_64-fedora-gcc | 1.0.0 | 95.33 | NOTE | |||
r-devel-windows-x86_64 | 1.0.0 | 42.00 | 61.00 | 103.00 | NOTE | |
r-devel-windows-x86_64-gcc10-UCRT | 1.0.0 | NOTE | ||||
r-patched-linux-x86_64 | 1.0.0 | 34.52 | 31.73 | 66.25 | NOTE | |
r-patched-solaris-x86 | 1.0.0 | 113.80 | NOTE | |||
r-release-linux-x86_64 | 1.0.0 | 33.94 | 32.05 | 65.99 | NOTE | |
r-release-macos-arm64 | 1.0.0 | NOTE | ||||
r-release-macos-x86_64 | 1.0.0 | NOTE | ||||
r-release-windows-ix86+x86_64 | 1.0.0 | 77.00 | 71.00 | 148.00 | NOTE | |
r-oldrel-macos-x86_64 | 1.0.0 | OK | ||||
r-oldrel-windows-ix86+x86_64 | 1.0.0 | 106.00 | 80.00 | 186.00 | OK |
Version: 1.0.0
Check: LazyData
Result: NOTE
'LazyData' is specified without a 'data' directory
Flavors: r-devel-linux-x86_64-debian-clang, r-devel-linux-x86_64-debian-gcc, r-devel-linux-x86_64-fedora-clang, r-devel-linux-x86_64-fedora-gcc, r-devel-windows-x86_64, r-devel-windows-x86_64-gcc10-UCRT, r-patched-linux-x86_64, r-patched-solaris-x86, r-release-linux-x86_64, r-release-macos-arm64, r-release-macos-x86_64, r-release-windows-ix86+x86_64
Version: 1.0.0
Check: compiled code
Result: NOTE
File ‘fastAdaboost/libs/fastAdaboost.so’:
Found no calls to: ‘R_registerRoutines’, ‘R_useDynamicSymbols’
It is good practice to register native routines and to disable symbol
search.
See ‘Writing portable packages’ in the ‘Writing R Extensions’ manual.
Flavors: r-devel-linux-x86_64-fedora-clang, r-devel-linux-x86_64-fedora-gcc