CRAN Package Check Results for Package featurefinder

Last updated on 2021-07-01 01:49:12 CEST.

Flavor Version Tinstall Tcheck Ttotal Status Flags
r-devel-linux-x86_64-debian-clang 1.1 3.09 36.07 39.16 NOTE
r-devel-linux-x86_64-debian-gcc 1.1 2.46 26.76 29.22 NOTE
r-devel-linux-x86_64-fedora-clang 1.1 55.68 NOTE
r-devel-linux-x86_64-fedora-gcc 1.1 45.44 NOTE
r-devel-windows-x86_64 1.1 4.00 52.00 56.00 OK
r-devel-windows-x86_64-gcc10-UCRT 1.1 OK
r-patched-linux-x86_64 1.1 2.74 33.43 36.17 NOTE
r-patched-solaris-x86 1.1 71.00 NOTE
r-release-linux-x86_64 1.1 3.14 34.05 37.19 NOTE
r-release-macos-arm64 1.1 OK
r-release-macos-x86_64 1.1 OK
r-release-windows-ix86+x86_64 1.1 5.00 52.00 57.00 OK
r-oldrel-macos-x86_64 1.1 OK
r-oldrel-windows-ix86+x86_64 1.1 7.00 43.00 50.00 OK

Check Details

Version: 1.1
Check: for non-standard things in the check directory
Result: NOTE
    Found the following files/directories:
     'treesAll.txt'
Flavors: r-devel-linux-x86_64-debian-clang, r-devel-linux-x86_64-debian-gcc, r-devel-linux-x86_64-fedora-clang, r-devel-linux-x86_64-fedora-gcc, r-patched-linux-x86_64, r-patched-solaris-x86, r-release-linux-x86_64