Last updated on 2021-07-01 01:49:12 CEST.
Flavor | Version | Tinstall | Tcheck | Ttotal | Status | Flags |
---|---|---|---|---|---|---|
r-devel-linux-x86_64-debian-clang | 1.1.10 | 7.23 | 87.71 | 94.94 | NOTE | |
r-devel-linux-x86_64-debian-gcc | 1.1.10 | 5.03 | 64.98 | 70.01 | NOTE | |
r-devel-linux-x86_64-fedora-clang | 1.1.10 | 117.00 | NOTE | |||
r-devel-linux-x86_64-fedora-gcc | 1.1.10 | 106.62 | NOTE | |||
r-devel-windows-x86_64 | 1.1.10 | 27.00 | 108.00 | 135.00 | NOTE | |
r-devel-windows-x86_64-gcc10-UCRT | 1.1.10 | NOTE | ||||
r-patched-linux-x86_64 | 1.1.10 | 7.24 | 81.14 | 88.38 | NOTE | |
r-patched-solaris-x86 | 1.1.10 | 150.30 | NOTE | |||
r-release-linux-x86_64 | 1.1.10 | 4.65 | 81.67 | 86.32 | NOTE | |
r-release-macos-arm64 | 1.1.10 | NOTE | ||||
r-release-macos-x86_64 | 1.1.10 | NOTE | ||||
r-release-windows-ix86+x86_64 | 1.1.10 | 16.00 | 105.00 | 121.00 | NOTE | |
r-oldrel-macos-x86_64 | 1.1.10 | OK | ||||
r-oldrel-windows-ix86+x86_64 | 1.1.10 | 15.00 | 91.00 | 106.00 | OK |
Version: 1.1.10
Check: LazyData
Result: NOTE
'LazyData' is specified without a 'data' directory
Flavors: r-devel-linux-x86_64-debian-clang, r-devel-linux-x86_64-debian-gcc, r-devel-linux-x86_64-fedora-clang, r-devel-linux-x86_64-fedora-gcc, r-devel-windows-x86_64, r-devel-windows-x86_64-gcc10-UCRT, r-patched-linux-x86_64, r-patched-solaris-x86, r-release-linux-x86_64, r-release-macos-arm64, r-release-macos-x86_64, r-release-windows-ix86+x86_64