Last updated on 2021-07-01 01:49:12 CEST.
Flavor | Version | Tinstall | Tcheck | Ttotal | Status | Flags |
---|---|---|---|---|---|---|
r-devel-linux-x86_64-debian-clang | 1.0.0 | 10.63 | 207.22 | 217.85 | OK | |
r-devel-linux-x86_64-debian-gcc | 1.0.0 | 8.36 | 154.19 | 162.55 | OK | |
r-devel-linux-x86_64-fedora-clang | 1.0.0 | 263.20 | NOTE | |||
r-devel-linux-x86_64-fedora-gcc | 1.0.0 | 248.59 | NOTE | |||
r-devel-windows-x86_64 | 1.0.0 | 14.00 | 266.00 | 280.00 | OK | |
r-devel-windows-x86_64-gcc10-UCRT | 1.0.0 | NOTE | ||||
r-patched-linux-x86_64 | 1.0.0 | 10.49 | 192.56 | 203.05 | OK | |
r-patched-solaris-x86 | 1.0.0 | 342.90 | NOTE | |||
r-release-linux-x86_64 | 1.0.0 | 9.78 | 192.43 | 202.21 | OK | |
r-release-macos-arm64 | 1.0.0 | NOTE | ||||
r-release-macos-x86_64 | 1.0.0 | NOTE | ||||
r-release-windows-ix86+x86_64 | 1.0.0 | 32.00 | 266.00 | 298.00 | OK | |
r-oldrel-macos-x86_64 | 1.0.0 | NOTE | ||||
r-oldrel-windows-ix86+x86_64 | 1.0.0 | 24.00 | 226.00 | 250.00 | OK |
Version: 1.0.0
Check: dependencies in R code
Result: NOTE
Namespace in Imports field not imported from: ‘numDeriv’
All declared Imports should be used.
Flavors: r-devel-linux-x86_64-fedora-clang, r-devel-linux-x86_64-fedora-gcc, r-devel-windows-x86_64-gcc10-UCRT, r-patched-solaris-x86, r-release-macos-arm64, r-release-macos-x86_64, r-oldrel-macos-x86_64