CRAN Package Check Results for Package fipe

Last updated on 2021-07-01 01:49:12 CEST.

Flavor Version Tinstall Tcheck Ttotal Status Flags
r-devel-linux-x86_64-debian-clang 0.0.1 2.28 22.32 24.60 NOTE
r-devel-linux-x86_64-debian-gcc 0.0.1 1.73 17.43 19.16 NOTE
r-devel-linux-x86_64-fedora-clang 0.0.1 38.75 NOTE
r-devel-linux-x86_64-fedora-gcc 0.0.1 28.09 NOTE
r-devel-windows-x86_64 0.0.1 4.00 37.00 41.00 NOTE
r-devel-windows-x86_64-gcc10-UCRT 0.0.1 NOTE
r-patched-linux-x86_64 0.0.1 1.96 21.53 23.49 NOTE
r-patched-solaris-x86 0.0.1 48.40 NOTE
r-release-linux-x86_64 0.0.1 2.19 21.39 23.58 NOTE
r-release-macos-arm64 0.0.1 NOTE
r-release-macos-x86_64 0.0.1 NOTE
r-release-windows-ix86+x86_64 0.0.1 7.00 36.00 43.00 NOTE
r-oldrel-macos-x86_64 0.0.1 OK
r-oldrel-windows-ix86+x86_64 0.0.1 5.00 33.00 38.00 OK

Additional issues

donttest

Check Details

Version: 0.0.1
Check: LazyData
Result: NOTE
     'LazyData' is specified without a 'data' directory
Flavors: r-devel-linux-x86_64-debian-clang, r-devel-linux-x86_64-debian-gcc, r-devel-linux-x86_64-fedora-clang, r-devel-linux-x86_64-fedora-gcc, r-devel-windows-x86_64, r-devel-windows-x86_64-gcc10-UCRT, r-patched-linux-x86_64, r-patched-solaris-x86, r-release-linux-x86_64, r-release-macos-arm64, r-release-macos-x86_64, r-release-windows-ix86+x86_64