CRAN Package Check Results for Package fishdata

Last updated on 2021-07-01 01:49:12 CEST.

Flavor Version Tinstall Tcheck Ttotal Status Flags
r-devel-linux-x86_64-debian-clang 1.0.1 2.96 33.10 36.06 OK
r-devel-linux-x86_64-debian-gcc 1.0.1 2.07 25.30 27.37 OK
r-devel-linux-x86_64-fedora-clang 1.0.1 51.99 OK
r-devel-linux-x86_64-fedora-gcc 1.0.1 41.55 OK
r-devel-windows-x86_64 1.0.1 5.00 50.00 55.00 OK
r-devel-windows-x86_64-gcc10-UCRT 1.0.1 OK
r-patched-linux-x86_64 1.0.1 2.42 31.36 33.78 OK
r-patched-solaris-x86 1.0.1 56.30 WARN
r-release-linux-x86_64 1.0.1 2.32 31.07 33.39 OK
r-release-macos-arm64 1.0.1 WARN
r-release-macos-x86_64 1.0.1 WARN
r-release-windows-ix86+x86_64 1.0.1 4.00 52.00 56.00 OK
r-oldrel-macos-x86_64 1.0.1 WARN
r-oldrel-windows-ix86+x86_64 1.0.1 7.00 44.00 51.00 OK

Check Details

Version: 1.0.1
Check: re-building of vignette outputs
Result: WARN
    Error(s) in re-building vignettes:
     ...
    --- re-building ‘Data-Model.Rmd’ using rmarkdown
    Warning in engine$weave(file, quiet = quiet, encoding = enc) :
     Pandoc (>= 1.12.3) not available. Falling back to R Markdown v1.
    
    Attaching package: 'dm'
    
    The following object is masked from 'package:stats':
    
     filter
    
    Quitting from lines 36-39 (Data-Model.Rmd)
    Error: processing vignette 'Data-Model.Rmd' failed with diagnostics:
    there is no package called 'webshot'
    --- failed re-building ‘Data-Model.Rmd’
    
    --- re-building ‘fishdata-examples.Rmd’ using rmarkdown
    Warning in engine$weave(file, quiet = quiet, encoding = enc) :
     Pandoc (>= 1.12.3) not available. Falling back to R Markdown v1.
    
    Attaching package: 'dplyr'
    
    The following objects are masked from 'package:stats':
    
     filter, lag
    
    The following objects are masked from 'package:base':
    
     intersect, setdiff, setequal, union
    
    `summarise()` has grouped output by 'site'. You can override using the `.groups` argument.
    --- finished re-building ‘fishdata-examples.Rmd’
    
    SUMMARY: processing the following file failed:
     ‘Data-Model.Rmd’
    
    Error: Vignette re-building failed.
    Execution halted
Flavor: r-patched-solaris-x86

Version: 1.0.1
Check: re-building of vignette outputs
Result: WARN
    Error(s) in re-building vignettes:
    --- re-building ‘Data-Model.Rmd’ using rmarkdown
    Warning in engine$weave(file, quiet = quiet, encoding = enc) :
     Pandoc (>= 1.12.3) not available. Falling back to R Markdown v1.
    
    Attaching package: 'dm'
    
    The following object is masked from 'package:stats':
    
     filter
    
    PhantomJS not found. You can install it with webshot::install_phantomjs(). If it is installed, please make sure the phantomjs executable can be found via the PATH variable.
    PhantomJS not found. You can install it with webshot::install_phantomjs(). If it is installed, please make sure the phantomjs executable can be found via the PATH variable.
    Quitting from lines 36-39 (Data-Model.Rmd)
    Error: processing vignette 'Data-Model.Rmd' failed with diagnostics:
    invalid 'path' argument
    --- failed re-building ‘Data-Model.Rmd’
    
    --- re-building ‘fishdata-examples.Rmd’ using rmarkdown
    Warning in engine$weave(file, quiet = quiet, encoding = enc) :
     Pandoc (>= 1.12.3) not available. Falling back to R Markdown v1.
    
    Attaching package: 'dplyr'
    
    The following objects are masked from 'package:stats':
    
     filter, lag
    
    The following objects are masked from 'package:base':
    
     intersect, setdiff, setequal, union
    
    `summarise()` has grouped output by 'site'. You can override using the `.groups` argument.
    --- finished re-building ‘fishdata-examples.Rmd’
    
    SUMMARY: processing the following file failed:
     ‘Data-Model.Rmd’
    
    Error: Vignette re-building failed.
    Execution halted
Flavors: r-release-macos-arm64, r-release-macos-x86_64, r-oldrel-macos-x86_64