CRAN Package Check Results for Package fishualize

Last updated on 2021-07-01 01:49:12 CEST.

Flavor Version Tinstall Tcheck Ttotal Status Flags
r-devel-linux-x86_64-debian-clang 0.2.2 5.26 64.70 69.96 OK
r-devel-linux-x86_64-debian-gcc 0.2.2 4.51 48.35 52.86 OK
r-devel-linux-x86_64-fedora-clang 0.2.2 91.25 OK
r-devel-linux-x86_64-fedora-gcc 0.2.2 79.97 OK
r-devel-windows-x86_64 0.2.2 8.00 87.00 95.00 OK
r-devel-windows-x86_64-gcc10-UCRT 0.2.2 OK
r-patched-linux-x86_64 0.2.2 5.47 59.92 65.39 OK
r-patched-solaris-x86 0.2.2 139.40 OK
r-release-linux-x86_64 0.2.2 4.38 59.01 63.39 OK
r-release-macos-arm64 0.2.2 NOTE
r-release-macos-x86_64 0.2.2 OK
r-release-windows-ix86+x86_64 0.2.2 14.00 85.00 99.00 OK
r-oldrel-macos-x86_64 0.2.2 OK
r-oldrel-windows-ix86+x86_64 0.2.2 14.00 75.00 89.00 OK

Check Details

Version: 0.2.2
Check: package dependencies
Result: NOTE
    Package suggested but not available for checking: ‘rnaturalearth’
Flavor: r-release-macos-arm64