CRAN Package Check Results for Package fitbitViz

Last updated on 2021-07-01 01:49:12 CEST.

Flavor Version Tinstall Tcheck Ttotal Status Flags
r-devel-linux-x86_64-debian-clang 1.0.1 23.74 197.65 221.39 WARN
r-devel-linux-x86_64-debian-gcc 1.0.1 16.30 146.36 162.66 WARN
r-devel-linux-x86_64-fedora-clang 1.0.2 248.98 NOTE
r-devel-linux-x86_64-fedora-gcc 1.0.2 256.39 OK
r-devel-windows-x86_64 1.0.1 48.00 226.00 274.00 WARN
r-devel-windows-x86_64-gcc10-UCRT 1.0.1 WARN
r-patched-linux-x86_64 1.0.1 21.28 181.53 202.81 WARN
r-patched-solaris-x86 1.0.2 378.60 WARN
r-release-linux-x86_64 1.0.1 18.89 192.98 211.87 OK
r-release-macos-arm64 1.0.1 WARN
r-release-macos-x86_64 1.0.1 WARN
r-release-windows-ix86+x86_64 1.0.1 51.00 225.00 276.00 NOTE
r-oldrel-macos-x86_64 1.0.1 WARN
r-oldrel-windows-ix86+x86_64 1.0.1 52.00 199.00 251.00 NOTE

Check Details

Version: 1.0.1
Check: re-building of vignette outputs
Result: WARN
    Error(s) in re-building vignettes:
     ...
    --- re-building 'fitbit_viz.Rmd' using rmarkdown
    Quitting from lines 553-570 (fitbit_viz.Rmd)
    Error: processing vignette 'fitbit_viz.Rmd' failed with diagnostics:
    non-conformable arrays
    --- failed re-building 'fitbit_viz.Rmd'
    
    SUMMARY: processing the following file failed:
     'fitbit_viz.Rmd'
    
    Error: Vignette re-building failed.
    Execution halted
Flavors: r-devel-linux-x86_64-debian-clang, r-devel-linux-x86_64-debian-gcc, r-devel-windows-x86_64-gcc10-UCRT, r-patched-linux-x86_64

Version: 1.0.2
Check: package dependencies
Result: NOTE
    Imports includes 25 non-default packages.
    Importing from so many packages makes the package vulnerable to any of
    them becoming unavailable. Move as many as possible to Suggests and
    use conditionally.
Flavor: r-devel-linux-x86_64-fedora-clang

Version: 1.0.2
Check: installed package size
Result: NOTE
     installed size is 5.6Mb
     sub-directories of 1Mb or more:
     doc 4.4Mb
Flavors: r-devel-linux-x86_64-fedora-clang, r-patched-solaris-x86

Version: 1.0.1
Check: installed package size
Result: NOTE
     installed size is 8.8Mb
     sub-directories of 1Mb or more:
     doc 7.6Mb
Flavors: r-devel-windows-x86_64, r-release-macos-arm64, r-release-macos-x86_64, r-release-windows-ix86+x86_64, r-oldrel-macos-x86_64, r-oldrel-windows-ix86+x86_64

Version: 1.0.1
Check: re-building of vignette outputs
Result: WARN
    Error(s) in re-building vignettes:
    --- re-building 'fitbit_viz.Rmd' using rmarkdown
    Quitting from lines 553-570 (fitbit_viz.Rmd)
    Error: processing vignette 'fitbit_viz.Rmd' failed with diagnostics:
    non-conformable arrays
    --- failed re-building 'fitbit_viz.Rmd'
    
    SUMMARY: processing the following file failed:
     'fitbit_viz.Rmd'
    
    Error: Vignette re-building failed.
    Execution halted
Flavor: r-devel-windows-x86_64

Version: 1.0.2
Check: re-building of vignette outputs
Result: WARN
    Error(s) in re-building vignettes:
     ...
    --- re-building ‘fitbit_viz.Rmd’ using rmarkdown
    Warning in engine$weave(file, quiet = quiet, encoding = enc) :
     Pandoc (>= 1.12.3) not available. Falling back to R Markdown v1.
    PhantomJS not found. You can install it with webshot::install_phantomjs(). If it is installed, please make sure the phantomjs executable can be found via the PATH variable.
    PhantomJS not found. You can install it with webshot::install_phantomjs(). If it is installed, please make sure the phantomjs executable can be found via the PATH variable.
    Quitting from lines 157-173 (fitbit_viz.Rmd)
    Error: processing vignette 'fitbit_viz.Rmd' failed with diagnostics:
    invalid 'path' argument
    --- failed re-building ‘fitbit_viz.Rmd’
    
    SUMMARY: processing the following file failed:
     ‘fitbit_viz.Rmd’
    
    Error: Vignette re-building failed.
    Execution halted
Flavor: r-patched-solaris-x86

Version: 1.0.1
Check: re-building of vignette outputs
Result: WARN
    Error(s) in re-building vignettes:
     ...
    --- re-building ‘fitbit_viz.Rmd’ using rmarkdown
    Warning in engine$weave(file, quiet = quiet, encoding = enc) :
     Pandoc (>= 1.12.3) not available. Falling back to R Markdown v1.
    PhantomJS not found. You can install it with webshot::install_phantomjs(). If it is installed, please make sure the phantomjs executable can be found via the PATH variable.
    PhantomJS not found. You can install it with webshot::install_phantomjs(). If it is installed, please make sure the phantomjs executable can be found via the PATH variable.
    Quitting from lines 157-173 (fitbit_viz.Rmd)
    Error: processing vignette 'fitbit_viz.Rmd' failed with diagnostics:
    invalid 'path' argument
    --- failed re-building ‘fitbit_viz.Rmd’
    
    SUMMARY: processing the following file failed:
     ‘fitbit_viz.Rmd’
    
    Error: Vignette re-building failed.
    Execution halted
Flavors: r-release-macos-arm64, r-release-macos-x86_64, r-oldrel-macos-x86_64