Last updated on 2021-07-01 01:49:12 CEST.
Flavor | Version | Tinstall | Tcheck | Ttotal | Status | Flags |
---|---|---|---|---|---|---|
r-devel-linux-x86_64-debian-clang | 0.1.0 | 6.33 | 67.89 | 74.22 | NOTE | |
r-devel-linux-x86_64-debian-gcc | 0.1.0 | 5.08 | 50.81 | 55.89 | NOTE | |
r-devel-linux-x86_64-fedora-clang | 0.1.0 | 97.85 | NOTE | |||
r-devel-linux-x86_64-fedora-gcc | 0.1.0 | 84.08 | NOTE | |||
r-devel-windows-x86_64 | 0.1.0 | 17.00 | 88.00 | 105.00 | OK | |
r-devel-windows-x86_64-gcc10-UCRT | 0.1.0 | NOTE | ||||
r-patched-linux-x86_64 | 0.1.0 | 5.89 | 62.49 | 68.38 | NOTE | |
r-patched-solaris-x86 | 0.1.0 | 123.10 | NOTE | |||
r-release-linux-x86_64 | 0.1.0 | 5.20 | 62.82 | 68.02 | NOTE | |
r-release-macos-arm64 | 0.1.0 | NOTE | ||||
r-release-macos-x86_64 | 0.1.0 | NOTE | ||||
r-release-windows-ix86+x86_64 | 0.1.0 | 24.00 | 82.00 | 106.00 | OK | |
r-oldrel-macos-x86_64 | 0.1.0 | NOTE | ||||
r-oldrel-windows-ix86+x86_64 | 0.1.0 | 17.00 | 80.00 | 97.00 | OK |
Version: 0.1.0
Check: package dependencies
Result: NOTE
Package suggested but not available for checking: 'ihs'
Flavors: r-devel-linux-x86_64-debian-clang, r-devel-linux-x86_64-debian-gcc, r-devel-linux-x86_64-fedora-clang, r-devel-linux-x86_64-fedora-gcc, r-devel-windows-x86_64-gcc10-UCRT, r-patched-linux-x86_64, r-patched-solaris-x86, r-release-linux-x86_64, r-release-macos-arm64, r-release-macos-x86_64
Version: 0.1.0
Check: package dependencies
Result: NOTE
Package suggested but not available for checking: ‘ExtDist’
Flavor: r-oldrel-macos-x86_64