CRAN Package Check Results for Package focusedMDS

Last updated on 2021-07-01 01:49:12 CEST.

Flavor Version Tinstall Tcheck Ttotal Status Flags
r-devel-linux-x86_64-debian-clang 1.3.3 2.20 24.92 27.12 NOTE
r-devel-linux-x86_64-debian-gcc 1.3.3 1.84 19.03 20.87 NOTE
r-devel-linux-x86_64-fedora-clang 1.3.3 40.67 NOTE
r-devel-linux-x86_64-fedora-gcc 1.3.3 30.28 NOTE
r-devel-windows-x86_64 1.3.3 3.00 40.00 43.00 NOTE
r-devel-windows-x86_64-gcc10-UCRT 1.3.3 NOTE
r-patched-linux-x86_64 1.3.3 2.34 23.14 25.48 NOTE
r-patched-solaris-x86 1.3.3 48.40 NOTE
r-release-linux-x86_64 1.3.3 2.19 23.73 25.92 NOTE
r-release-macos-arm64 1.3.3 NOTE
r-release-macos-x86_64 1.3.3 NOTE
r-release-windows-ix86+x86_64 1.3.3 5.00 35.00 40.00 NOTE
r-oldrel-macos-x86_64 1.3.3 OK
r-oldrel-windows-ix86+x86_64 1.3.3 6.00 36.00 42.00 OK

Check Details

Version: 1.3.3
Check: LazyData
Result: NOTE
     'LazyData' is specified without a 'data' directory
Flavors: r-devel-linux-x86_64-debian-clang, r-devel-linux-x86_64-debian-gcc, r-devel-linux-x86_64-fedora-clang, r-devel-linux-x86_64-fedora-gcc, r-devel-windows-x86_64, r-devel-windows-x86_64-gcc10-UCRT, r-patched-linux-x86_64, r-patched-solaris-x86, r-release-linux-x86_64, r-release-macos-arm64, r-release-macos-x86_64, r-release-windows-ix86+x86_64