Last updated on 2021-07-01 01:49:12 CEST.
Flavor | Version | Tinstall | Tcheck | Ttotal | Status | Flags |
---|---|---|---|---|---|---|
r-devel-linux-x86_64-debian-clang | 0.2.1 | 22.31 | 51.63 | 73.94 | NOTE | |
r-devel-linux-x86_64-debian-gcc | 0.2.1 | 14.82 | 38.46 | 53.28 | NOTE | |
r-devel-linux-x86_64-fedora-clang | 0.2.1 | 102.38 | NOTE | |||
r-devel-linux-x86_64-fedora-gcc | 0.2.1 | 84.48 | NOTE | |||
r-devel-windows-x86_64 | 0.2.1 | 33.00 | 77.00 | 110.00 | NOTE | |
r-devel-windows-x86_64-gcc10-UCRT | 0.2.1 | NOTE | ||||
r-patched-linux-x86_64 | 0.2.1 | 16.98 | 47.09 | 64.07 | NOTE | |
r-patched-solaris-x86 | 0.2.1 | 108.80 | NOTE | |||
r-release-linux-x86_64 | 0.2.1 | 15.59 | 48.07 | 63.66 | NOTE | |
r-release-macos-arm64 | 0.2.1 | NOTE | ||||
r-release-macos-x86_64 | 0.2.1 | NOTE | ||||
r-release-windows-ix86+x86_64 | 0.2.1 | 69.00 | 99.00 | 168.00 | NOTE | |
r-oldrel-macos-x86_64 | 0.2.1 | OK | ||||
r-oldrel-windows-ix86+x86_64 | 0.2.1 | 53.00 | 98.00 | 151.00 | OK |
Version: 0.2.1
Check: LazyData
Result: NOTE
'LazyData' is specified without a 'data' directory
Flavors: r-devel-linux-x86_64-debian-clang, r-devel-linux-x86_64-debian-gcc, r-devel-linux-x86_64-fedora-clang, r-devel-linux-x86_64-fedora-gcc, r-devel-windows-x86_64, r-devel-windows-x86_64-gcc10-UCRT, r-patched-linux-x86_64, r-patched-solaris-x86, r-release-linux-x86_64, r-release-macos-arm64, r-release-macos-x86_64, r-release-windows-ix86+x86_64