Last updated on 2021-07-01 01:49:12 CEST.
Flavor | Version | Tinstall | Tcheck | Ttotal | Status | Flags |
---|---|---|---|---|---|---|
r-devel-linux-x86_64-debian-clang | 0.9.3 | 9.73 | 240.87 | 250.60 | OK | |
r-devel-linux-x86_64-debian-gcc | 0.9.3 | 8.61 | 172.33 | 180.94 | OK | |
r-devel-linux-x86_64-fedora-clang | 0.9.3 | 308.90 | NOTE | |||
r-devel-linux-x86_64-fedora-gcc | 0.9.3 | 294.99 | NOTE | |||
r-devel-windows-x86_64 | 0.9.3 | 38.00 | 286.00 | 324.00 | OK | |
r-devel-windows-x86_64-gcc10-UCRT | 0.9.3 | NOTE | ||||
r-patched-linux-x86_64 | 0.9.3 | 12.04 | 221.89 | 233.93 | OK | |
r-patched-solaris-x86 | 0.9.3 | 359.80 | NOTE | |||
r-release-linux-x86_64 | 0.9.3 | 9.27 | 219.03 | 228.30 | OK | |
r-release-macos-arm64 | 0.9.3 | NOTE | ||||
r-release-macos-x86_64 | 0.9.3 | NOTE | ||||
r-release-windows-ix86+x86_64 | 0.9.3 | 19.00 | 283.00 | 302.00 | OK | |
r-oldrel-macos-x86_64 | 0.9.3 | NOTE | ||||
r-oldrel-windows-ix86+x86_64 | 0.9.3 | 21.00 | 239.00 | 260.00 | OK |
Version: 0.9.3
Check: package dependencies
Result: NOTE
Imports includes 23 non-default packages.
Importing from so many packages makes the package vulnerable to any of
them becoming unavailable. Move as many as possible to Suggests and
use conditionally.
Flavor: r-devel-linux-x86_64-fedora-clang
Version: 0.9.3
Check: dependencies in R code
Result: NOTE
Namespace in Imports field not imported from: ‘forcats’
All declared Imports should be used.
Flavors: r-devel-linux-x86_64-fedora-clang, r-devel-linux-x86_64-fedora-gcc, r-devel-windows-x86_64-gcc10-UCRT, r-patched-solaris-x86, r-release-macos-arm64, r-release-macos-x86_64, r-oldrel-macos-x86_64