Last updated on 2021-07-01 01:49:12 CEST.
Flavor | Version | Tinstall | Tcheck | Ttotal | Status | Flags |
---|---|---|---|---|---|---|
r-devel-linux-x86_64-debian-clang | 0.8-4 | 4.13 | 36.80 | 40.93 | NOTE | |
r-devel-linux-x86_64-debian-gcc | 0.8-4 | 2.63 | 27.97 | 30.60 | NOTE | |
r-devel-linux-x86_64-fedora-clang | 0.8-4 | 57.29 | NOTE | |||
r-devel-linux-x86_64-fedora-gcc | 0.8-4 | 46.68 | NOTE | |||
r-devel-windows-x86_64 | 0.8-4 | 5.00 | 53.00 | 58.00 | NOTE | |
r-devel-windows-x86_64-gcc10-UCRT | 0.8-4 | NOTE | ||||
r-patched-linux-x86_64 | 0.8-4 | 3.62 | 34.93 | 38.55 | NOTE | |
r-patched-solaris-x86 | 0.8-4 | 72.60 | NOTE | |||
r-release-linux-x86_64 | 0.8-4 | 3.35 | 35.40 | 38.75 | NOTE | |
r-release-macos-arm64 | 0.8-4 | NOTE | ||||
r-release-macos-x86_64 | 0.8-4 | NOTE | ||||
r-release-windows-ix86+x86_64 | 0.8-4 | 6.00 | 47.00 | 53.00 | NOTE | |
r-oldrel-macos-x86_64 | 0.8-4 | NOTE | ||||
r-oldrel-windows-ix86+x86_64 | 0.8-4 | 8.00 | 46.00 | 54.00 | NOTE |
Version: 0.8-4
Check: dependencies in R code
Result: NOTE
'library' or 'require' calls in package code:
'pcaPP' 'snowFT' 'wavelets'
Please use :: or requireNamespace() instead.
See section 'Suggested packages' in the 'Writing R Extensions' manual.
Flavors: r-devel-linux-x86_64-debian-clang, r-devel-linux-x86_64-debian-gcc, r-devel-linux-x86_64-fedora-clang, r-devel-linux-x86_64-fedora-gcc, r-devel-windows-x86_64, r-devel-windows-x86_64-gcc10-UCRT, r-patched-linux-x86_64, r-patched-solaris-x86, r-release-linux-x86_64, r-release-macos-arm64, r-release-macos-x86_64, r-release-windows-ix86+x86_64, r-oldrel-macos-x86_64, r-oldrel-windows-ix86+x86_64
Version: 0.8-4
Check: R code for possible problems
Result: NOTE
ComputeDCT2FFT: no visible global function definition for 'fft'
ComputeSemipgramFFT: no visible global function definition for 'fft'
WaveVarFD: no visible global function definition for 'modwt'
do.fd.estimate: no visible global function definition for
'performParallel'
do.fd.estimate2d.simple: no visible global function definition for
'median'
fd.Genton: no visible global function definition for 'qn'
fd.estimate.matrix: no visible global function definition for
'performParallel'
fd.plot.legend: no visible global function definition for 'legend'
fd.plot.loglog: no visible global function definition for 'points'
fd.plot.loglog: no visible global function definition for 'abline'
summary.FractalDim: no visible binding for global variable 'sd'
Undefined global functions or variables:
abline fft legend median modwt performParallel points qn sd
Consider adding
importFrom("graphics", "abline", "legend", "points")
importFrom("stats", "fft", "median", "sd")
to your NAMESPACE file.
Flavors: r-devel-linux-x86_64-debian-clang, r-devel-linux-x86_64-debian-gcc, r-devel-linux-x86_64-fedora-clang, r-devel-linux-x86_64-fedora-gcc, r-devel-windows-x86_64, r-devel-windows-x86_64-gcc10-UCRT, r-patched-linux-x86_64, r-patched-solaris-x86, r-release-linux-x86_64, r-release-macos-arm64, r-release-macos-x86_64, r-release-windows-ix86+x86_64, r-oldrel-macos-x86_64, r-oldrel-windows-ix86+x86_64