Last updated on 2021-07-01 01:49:12 CEST.
Flavor | Version | Tinstall | Tcheck | Ttotal | Status | Flags |
---|---|---|---|---|---|---|
r-devel-linux-x86_64-debian-clang | 0.9.6 | 136.95 | 29.47 | 166.42 | NOTE | |
r-devel-linux-x86_64-debian-gcc | 0.9.6 | 85.96 | 22.87 | 108.83 | NOTE | |
r-devel-linux-x86_64-fedora-clang | 0.9.6 | 259.86 | NOTE | |||
r-devel-linux-x86_64-fedora-gcc | 0.9.6 | 197.49 | NOTE | |||
r-devel-windows-x86_64 | 0.9.6 | 103.00 | 56.00 | 159.00 | NOTE | |
r-devel-windows-x86_64-gcc10-UCRT | 0.9.6 | NOTE | ||||
r-patched-linux-x86_64 | 0.9.6 | 99.91 | 28.09 | 128.00 | NOTE | |
r-patched-solaris-x86 | 0.9.6 | 171.00 | NOTE | |||
r-release-linux-x86_64 | 0.9.6 | 99.50 | 27.77 | 127.27 | NOTE | |
r-release-macos-arm64 | 0.9.6 | NOTE | ||||
r-release-macos-x86_64 | 0.9.6 | NOTE | ||||
r-release-windows-ix86+x86_64 | 0.9.6 | 208.00 | 73.00 | 281.00 | NOTE | |
r-oldrel-macos-x86_64 | 0.9.6 | NOTE | ||||
r-oldrel-windows-ix86+x86_64 | 0.9.6 | 279.00 | 72.00 | 351.00 | OK |
Version: 0.9.6
Check: LazyData
Result: NOTE
'LazyData' is specified without a 'data' directory
Flavors: r-devel-linux-x86_64-debian-clang, r-devel-linux-x86_64-debian-gcc, r-devel-linux-x86_64-fedora-clang, r-devel-linux-x86_64-fedora-gcc, r-devel-windows-x86_64, r-devel-windows-x86_64-gcc10-UCRT, r-patched-linux-x86_64, r-patched-solaris-x86, r-release-linux-x86_64, r-release-macos-arm64, r-release-macos-x86_64, r-release-windows-ix86+x86_64
Version: 0.9.6
Check: installed package size
Result: NOTE
installed size is 6.6Mb
sub-directories of 1Mb or more:
libs 6.4Mb
Flavors: r-devel-linux-x86_64-fedora-clang, r-release-macos-arm64, r-release-macos-x86_64, r-oldrel-macos-x86_64