CRAN Package Check Results for Package gamlss.lasso

Last updated on 2021-07-01 01:49:12 CEST.

Flavor Version Tinstall Tcheck Ttotal Status Flags
r-devel-linux-x86_64-debian-clang 1.0-1 9.47 76.03 85.50 OK
r-devel-linux-x86_64-debian-gcc 1.0-1 7.00 57.97 64.97 OK
r-devel-linux-x86_64-fedora-clang 1.0-1 106.94 NOTE
r-devel-linux-x86_64-fedora-gcc 1.0-1 96.69 OK
r-devel-windows-x86_64 1.0-1 8.00 95.00 103.00 OK
r-devel-windows-x86_64-gcc10-UCRT 1.0-1 OK
r-patched-linux-x86_64 1.0-1 8.25 71.62 79.87 OK
r-patched-solaris-x86 1.0-1 142.70 OK
r-release-linux-x86_64 1.0-1 7.33 72.57 79.90 OK
r-release-macos-arm64 1.0-1 OK
r-release-macos-x86_64 1.0-1 OK
r-release-windows-ix86+x86_64 1.0-1 24.00 95.00 119.00 OK
r-oldrel-macos-x86_64 1.0-1 OK
r-oldrel-windows-ix86+x86_64 1.0-1 19.00 93.00 112.00 OK

Check Details

Version: 1.0-1
Check: Rd cross-references
Result: NOTE
    Undeclared packages ‘gamlss.dist’, ‘gamlss.add’ in Rd xrefs
Flavor: r-devel-linux-x86_64-fedora-clang