Last updated on 2021-07-01 01:49:12 CEST.
Flavor | Version | Tinstall | Tcheck | Ttotal | Status | Flags |
---|---|---|---|---|---|---|
r-devel-linux-x86_64-debian-clang | 4.13-20 | 10.66 | 24.61 | 35.27 | NOTE | |
r-devel-linux-x86_64-debian-gcc | 4.13-20 | 3.15 | 19.42 | 22.57 | NOTE | |
r-devel-linux-x86_64-fedora-clang | 4.13-20 | 53.85 | NOTE | |||
r-devel-linux-x86_64-fedora-gcc | 4.13-20 | 34.19 | NOTE | |||
r-devel-windows-x86_64 | 4.13-20 | 5.00 | 43.00 | 48.00 | OK | |
r-devel-windows-x86_64-gcc10-UCRT | 4.13-20 | OK | ||||
r-patched-linux-x86_64 | 4.13-20 | 3.81 | 23.94 | 27.75 | NOTE | |
r-patched-solaris-x86 | 4.13-20 | 52.00 | OK | |||
r-release-linux-x86_64 | 4.13-20 | 3.36 | 24.21 | 27.57 | NOTE | |
r-release-macos-arm64 | 4.13-20 | OK | ||||
r-release-macos-x86_64 | 4.13-20 | OK | ||||
r-release-windows-ix86+x86_64 | 4.13-20 | 9.00 | 44.00 | 53.00 | OK | |
r-oldrel-macos-x86_64 | 4.13-20 | OK | ||||
r-oldrel-windows-ix86+x86_64 | 4.13-20 | 11.00 | 48.00 | 59.00 | OK |
Version: 4.13-20
Check: top-level files
Result: NOTE
Non-standard files/directories found at top level:
'README.too' 'blurb'
Flavors: r-devel-linux-x86_64-debian-clang, r-devel-linux-x86_64-debian-gcc, r-devel-linux-x86_64-fedora-clang, r-devel-linux-x86_64-fedora-gcc, r-patched-linux-x86_64, r-release-linux-x86_64