Last updated on 2021-07-01 01:49:13 CEST.
Flavor | Version | Tinstall | Tcheck | Ttotal | Status | Flags |
---|---|---|---|---|---|---|
r-devel-linux-x86_64-debian-clang | 1.0.23 | 34.19 | 56.87 | 91.06 | OK | |
r-devel-linux-x86_64-debian-gcc | 1.0.23 | 21.48 | 43.53 | 65.01 | OK | |
r-devel-linux-x86_64-fedora-clang | 1.0.23 | 129.47 | OK | |||
r-devel-linux-x86_64-fedora-gcc | 1.0.23 | 108.65 | OK | |||
r-devel-windows-x86_64 | 1.0.23 | 44.00 | 90.00 | 134.00 | OK | |
r-devel-windows-x86_64-gcc10-UCRT | 1.0.23 | OK | ||||
r-patched-linux-x86_64 | 1.0.23 | 25.47 | 53.88 | 79.35 | OK | |
r-patched-solaris-x86 | 1.0.23 | 128.40 | OK | |||
r-release-linux-x86_64 | 1.0.23 | 25.67 | 54.01 | 79.68 | OK | |
r-release-macos-arm64 | 1.0.23 | NOTE | ||||
r-release-macos-x86_64 | 1.0.23 | OK | ||||
r-release-windows-ix86+x86_64 | 1.0.23 | 93.00 | 112.00 | 205.00 | OK | |
r-oldrel-macos-x86_64 | 1.0.23 | OK | ||||
r-oldrel-windows-ix86+x86_64 | 1.0.23 | 78.00 | 102.00 | 180.00 | OK |
Version: 1.0.23
Check: package dependencies
Result: NOTE
Package suggested but not available for checking: ‘snpStats’
Flavor: r-release-macos-arm64