Last updated on 2021-07-01 01:49:13 CEST.
Flavor | Version | Tinstall | Tcheck | Ttotal | Status | Flags |
---|---|---|---|---|---|---|
r-devel-linux-x86_64-debian-clang | 1.0.0 | 6.02 | 238.32 | 244.34 | OK | |
r-devel-linux-x86_64-debian-gcc | 1.0.0 | 5.10 | 173.47 | 178.57 | OK | |
r-devel-linux-x86_64-fedora-clang | 1.0.0 | 259.66 | NOTE | |||
r-devel-linux-x86_64-fedora-gcc | 1.0.0 | 255.04 | NOTE | |||
r-devel-windows-x86_64 | 1.0.0 | 25.00 | 276.00 | 301.00 | OK | |
r-devel-windows-x86_64-gcc10-UCRT | 1.0.0 | NOTE | ||||
r-patched-linux-x86_64 | 1.0.0 | 6.40 | 201.22 | 207.62 | OK | |
r-patched-solaris-x86 | 1.0.0 | 261.20 | NOTE | |||
r-release-linux-x86_64 | 1.0.0 | 4.95 | 197.40 | 202.35 | OK | |
r-release-macos-arm64 | 1.0.0 | NOTE | ||||
r-release-macos-x86_64 | 1.0.0 | NOTE | ||||
r-release-windows-ix86+x86_64 | 1.0.0 | 12.00 | 272.00 | 284.00 | OK | |
r-oldrel-macos-x86_64 | 1.0.0 | NOTE | ||||
r-oldrel-windows-ix86+x86_64 | 1.0.0 | 13.00 | 230.00 | 243.00 | OK |
Version: 1.0.0
Check: dependencies in R code
Result: NOTE
Namespaces in Imports field not imported from:
‘pander’ ‘readr’ ‘tidyr’
All declared Imports should be used.
Flavors: r-devel-linux-x86_64-fedora-clang, r-devel-linux-x86_64-fedora-gcc, r-devel-windows-x86_64-gcc10-UCRT, r-patched-solaris-x86, r-release-macos-arm64, r-release-macos-x86_64, r-oldrel-macos-x86_64
Version: 1.0.0
Check: data for non-ASCII characters
Result: NOTE
Note: found 80 marked UTF-8 strings
Flavors: r-devel-linux-x86_64-fedora-clang, r-devel-linux-x86_64-fedora-gcc, r-devel-windows-x86_64-gcc10-UCRT, r-patched-solaris-x86, r-release-macos-arm64, r-release-macos-x86_64, r-oldrel-macos-x86_64