Last updated on 2021-07-01 01:49:13 CEST.
Flavor | Version | Tinstall | Tcheck | Ttotal | Status | Flags |
---|---|---|---|---|---|---|
r-devel-linux-x86_64-debian-clang | 1.1.0 | 70.06 | 32.80 | 102.86 | OK | |
r-devel-linux-x86_64-debian-gcc | 1.1.0 | 47.04 | 25.89 | 72.93 | OK | |
r-devel-linux-x86_64-fedora-clang | 1.1.0 | 140.20 | NOTE | |||
r-devel-linux-x86_64-fedora-gcc | 1.1.0 | 127.69 | OK | |||
r-devel-windows-x86_64 | 1.1.0 | 62.00 | 61.00 | 123.00 | OK | |
r-devel-windows-x86_64-gcc10-UCRT | 1.1.0 | OK | ||||
r-patched-linux-x86_64 | 1.1.0 | 58.14 | 31.92 | 90.06 | OK | |
r-patched-solaris-x86 | 1.1.0 | 121.60 | OK | |||
r-release-linux-x86_64 | 1.1.0 | 54.24 | 32.01 | 86.25 | OK | |
r-release-macos-arm64 | 1.1.0 | NOTE | ||||
r-release-macos-x86_64 | 1.1.0 | NOTE | ||||
r-release-windows-ix86+x86_64 | 1.1.0 | 109.00 | 76.00 | 185.00 | OK | |
r-oldrel-macos-x86_64 | 1.1.0 | NOTE | ||||
r-oldrel-windows-ix86+x86_64 | 1.1.0 | 140.00 | 71.00 | 211.00 | OK |
Version: 1.1.0
Check: installed package size
Result: NOTE
installed size is 5.3Mb
sub-directories of 1Mb or more:
doc 1.3Mb
libs 3.9Mb
Flavors: r-devel-linux-x86_64-fedora-clang, r-release-macos-arm64, r-release-macos-x86_64, r-oldrel-macos-x86_64