Last updated on 2021-07-01 01:49:13 CEST.
Flavor | Version | Tinstall | Tcheck | Ttotal | Status | Flags |
---|---|---|---|---|---|---|
r-devel-linux-x86_64-debian-clang | 1.12 | 2.60 | 28.80 | 31.40 | OK | |
r-devel-linux-x86_64-debian-gcc | 1.12 | 2.08 | 22.84 | 24.92 | OK | |
r-devel-linux-x86_64-fedora-clang | 1.12 | 47.21 | NOTE | |||
r-devel-linux-x86_64-fedora-gcc | 1.12 | 37.02 | NOTE | |||
r-devel-windows-x86_64 | 1.12 | 30.00 | 45.00 | 75.00 | OK | |
r-devel-windows-x86_64-gcc10-UCRT | 1.12 | NOTE | ||||
r-patched-linux-x86_64 | 1.12 | 2.38 | 28.54 | 30.92 | OK | |
r-patched-solaris-x86 | 1.12 | 63.10 | NOTE | |||
r-release-linux-x86_64 | 1.12 | 2.49 | 28.34 | 30.83 | OK | |
r-release-macos-arm64 | 1.12 | NOTE | ||||
r-release-macos-x86_64 | 1.12 | NOTE | ||||
r-release-windows-ix86+x86_64 | 1.12 | 19.00 | 45.00 | 64.00 | OK | |
r-oldrel-macos-x86_64 | 1.12 | NOTE | ||||
r-oldrel-windows-ix86+x86_64 | 1.12 | 7.00 | 40.00 | 47.00 | OK |
Version: 1.12
Check: dependencies in R code
Result: NOTE
Namespaces in Imports field not imported from:
‘bitops’ ‘data.table’ ‘dplyr’ ‘httr’
All declared Imports should be used.
Flavors: r-devel-linux-x86_64-fedora-clang, r-devel-linux-x86_64-fedora-gcc, r-devel-windows-x86_64-gcc10-UCRT, r-patched-solaris-x86, r-release-macos-arm64, r-release-macos-x86_64, r-oldrel-macos-x86_64