Last updated on 2021-07-01 01:49:13 CEST.
Flavor | Version | Tinstall | Tcheck | Ttotal | Status | Flags |
---|---|---|---|---|---|---|
r-devel-linux-x86_64-debian-clang | 1.0.1 | 52.23 | 94.87 | 147.10 | NOTE | |
r-devel-linux-x86_64-debian-gcc | 1.0.1 | 34.25 | 71.79 | 106.04 | NOTE | |
r-devel-linux-x86_64-fedora-clang | 1.0.1 | 191.46 | NOTE | |||
r-devel-linux-x86_64-fedora-gcc | 1.0.1 | 174.28 | NOTE | |||
r-devel-windows-x86_64 | 1.0.1 | 76.00 | 134.00 | 210.00 | NOTE | |
r-devel-windows-x86_64-gcc10-UCRT | 1.0.1 | NOTE | ||||
r-patched-linux-x86_64 | 1.0.1 | 39.94 | 90.19 | 130.13 | NOTE | |
r-patched-solaris-x86 | 1.0.1 | 218.60 | NOTE | |||
r-release-linux-x86_64 | 1.0.1 | 40.08 | 90.25 | 130.33 | NOTE | |
r-release-macos-arm64 | 1.0.1 | NOTE | ||||
r-release-macos-x86_64 | 1.0.1 | NOTE | ||||
r-release-windows-ix86+x86_64 | 1.0.1 | 105.00 | 171.00 | 276.00 | NOTE | |
r-oldrel-macos-x86_64 | 1.0.1 | OK | ||||
r-oldrel-windows-ix86+x86_64 | 1.0.1 | 111.00 | 174.00 | 285.00 | OK |
Version: 1.0.1
Check: LazyData
Result: NOTE
'LazyData' is specified without a 'data' directory
Flavors: r-devel-linux-x86_64-debian-clang, r-devel-linux-x86_64-debian-gcc, r-devel-linux-x86_64-fedora-clang, r-devel-linux-x86_64-fedora-gcc, r-devel-windows-x86_64, r-devel-windows-x86_64-gcc10-UCRT, r-patched-linux-x86_64, r-patched-solaris-x86, r-release-linux-x86_64, r-release-macos-arm64, r-release-macos-x86_64, r-release-windows-ix86+x86_64