Last updated on 2021-07-01 01:49:13 CEST.
Flavor | Version | Tinstall | Tcheck | Ttotal | Status | Flags |
---|---|---|---|---|---|---|
r-devel-linux-x86_64-debian-clang | 0.1.3 | 4.02 | 47.87 | 51.89 | NOTE | |
r-devel-linux-x86_64-debian-gcc | 0.1.3 | 2.91 | 35.23 | 38.14 | NOTE | |
r-devel-linux-x86_64-fedora-clang | 0.1.3 | 71.78 | NOTE | |||
r-devel-linux-x86_64-fedora-gcc | 0.1.3 | 58.23 | NOTE | |||
r-devel-windows-x86_64 | 0.1.3 | 6.00 | 65.00 | 71.00 | NOTE | |
r-devel-windows-x86_64-gcc10-UCRT | 0.1.3 | NOTE | ||||
r-patched-linux-x86_64 | 0.1.3 | 4.24 | 44.91 | 49.15 | NOTE | |
r-patched-solaris-x86 | 0.1.3 | 86.00 | NOTE | |||
r-release-linux-x86_64 | 0.1.3 | 4.10 | 44.40 | 48.50 | NOTE | |
r-release-macos-arm64 | 0.1.3 | NOTE | ||||
r-release-macos-x86_64 | 0.1.3 | NOTE | ||||
r-release-windows-ix86+x86_64 | 0.1.3 | 34.00 | 61.00 | 95.00 | NOTE | |
r-oldrel-macos-x86_64 | 0.1.3 | OK | ||||
r-oldrel-windows-ix86+x86_64 | 0.1.3 | 13.00 | 53.00 | 66.00 | OK |
Version: 0.1.3
Check: LazyData
Result: NOTE
'LazyData' is specified without a 'data' directory
Flavors: r-devel-linux-x86_64-debian-clang, r-devel-linux-x86_64-debian-gcc, r-devel-linux-x86_64-fedora-clang, r-devel-linux-x86_64-fedora-gcc, r-devel-windows-x86_64, r-devel-windows-x86_64-gcc10-UCRT, r-patched-linux-x86_64, r-patched-solaris-x86, r-release-linux-x86_64, r-release-macos-arm64, r-release-macos-x86_64, r-release-windows-ix86+x86_64