CRAN Package Check Results for Package ggdag

Last updated on 2021-07-01 01:49:13 CEST.

Flavor Version Tinstall Tcheck Ttotal Status Flags
r-devel-linux-x86_64-debian-clang 0.2.3 11.64 178.10 189.74 NOTE
r-devel-linux-x86_64-debian-gcc 0.2.3 7.27 128.66 135.93 NOTE
r-devel-linux-x86_64-fedora-clang 0.2.3 222.79 NOTE
r-devel-linux-x86_64-fedora-gcc 0.2.3 213.37 NOTE
r-devel-windows-x86_64 0.2.3 45.00 209.00 254.00 NOTE
r-devel-windows-x86_64-gcc10-UCRT 0.2.3 NOTE
r-patched-linux-x86_64 0.2.3 11.59 163.40 174.99 NOTE
r-patched-solaris-x86 0.2.3 271.70 NOTE
r-release-linux-x86_64 0.2.3 11.13 165.10 176.23 NOTE
r-release-macos-arm64 0.2.3 NOTE
r-release-macos-x86_64 0.2.3 NOTE
r-release-windows-ix86+x86_64 0.2.3 23.00 193.00 216.00 NOTE
r-oldrel-macos-x86_64 0.2.3 OK
r-oldrel-windows-ix86+x86_64 0.2.3 22.00 184.00 206.00 OK

Check Details

Version: 0.2.3
Check: LazyData
Result: NOTE
     'LazyData' is specified without a 'data' directory
Flavors: r-devel-linux-x86_64-debian-clang, r-devel-linux-x86_64-debian-gcc, r-devel-linux-x86_64-fedora-clang, r-devel-linux-x86_64-fedora-gcc, r-devel-windows-x86_64, r-devel-windows-x86_64-gcc10-UCRT, r-patched-linux-x86_64, r-patched-solaris-x86, r-release-linux-x86_64, r-release-macos-arm64, r-release-macos-x86_64, r-release-windows-ix86+x86_64