CRAN Package Check Results for Package ggeffects

Last updated on 2021-07-01 01:49:13 CEST.

Flavor Version Tinstall Tcheck Ttotal Status Flags
r-devel-linux-x86_64-debian-clang 1.1.0 8.17 549.39 557.56 OK
r-devel-linux-x86_64-debian-gcc 1.1.0 8.41 387.55 395.96 OK
r-devel-linux-x86_64-fedora-clang 1.1.0 672.08 OK
r-devel-linux-x86_64-fedora-gcc 1.1.0 626.78 OK
r-devel-windows-x86_64 1.1.0 10.00 718.00 728.00 OK
r-devel-windows-x86_64-gcc10-UCRT 1.1.0 OK
r-patched-linux-x86_64 1.1.0 7.91 501.46 509.37 OK
r-patched-solaris-x86 1.1.0 723.90 NOTE
r-release-linux-x86_64 1.1.0 7.36 504.24 511.60 OK
r-release-macos-arm64 1.1.0 OK
r-release-macos-x86_64 1.1.0 OK
r-release-windows-ix86+x86_64 1.1.0 12.00 731.00 743.00 OK
r-oldrel-macos-x86_64 1.1.0 OK
r-oldrel-windows-ix86+x86_64 1.1.0 17.00 518.00 535.00 OK

Additional issues

donttest

Check Details

Version: 1.1.0
Check: package dependencies
Result: NOTE
    Package suggested but not available for checking: ‘glmmTMB’
Flavor: r-patched-solaris-x86