CRAN Package Check Results for Package ggghost

Last updated on 2021-07-01 01:49:13 CEST.

Flavor Version Tinstall Tcheck Ttotal Status Flags
r-devel-linux-x86_64-debian-clang 0.2.1 3.71 59.01 62.72 NOTE
r-devel-linux-x86_64-debian-gcc 0.2.1 3.16 41.94 45.10 NOTE
r-devel-linux-x86_64-fedora-clang 0.2.1 83.11 NOTE
r-devel-linux-x86_64-fedora-gcc 0.2.1 68.75 NOTE
r-devel-windows-x86_64 0.2.1 8.00 75.00 83.00 NOTE
r-devel-windows-x86_64-gcc10-UCRT 0.2.1 NOTE
r-patched-linux-x86_64 0.2.1 8.42 52.53 60.95 NOTE
r-patched-solaris-x86 0.2.1 103.30 NOTE
r-release-linux-x86_64 0.2.1 3.58 52.55 56.13 NOTE
r-release-macos-arm64 0.2.1 NOTE
r-release-macos-x86_64 0.2.1 NOTE
r-release-windows-ix86+x86_64 0.2.1 22.00 68.00 90.00 NOTE
r-oldrel-macos-x86_64 0.2.1 OK
r-oldrel-windows-ix86+x86_64 0.2.1 12.00 64.00 76.00 OK

Check Details

Version: 0.2.1
Check: LazyData
Result: NOTE
     'LazyData' is specified without a 'data' directory
Flavors: r-devel-linux-x86_64-debian-clang, r-devel-linux-x86_64-debian-gcc, r-devel-linux-x86_64-fedora-clang, r-devel-linux-x86_64-fedora-gcc, r-devel-windows-x86_64, r-devel-windows-x86_64-gcc10-UCRT, r-patched-linux-x86_64, r-patched-solaris-x86, r-release-linux-x86_64, r-release-macos-arm64, r-release-macos-x86_64, r-release-windows-ix86+x86_64