CRAN Package Check Results for Package ggip

Last updated on 2021-07-01 01:49:13 CEST.

Flavor Version Tinstall Tcheck Ttotal Status Flags
r-devel-linux-x86_64-debian-clang 0.2.0 42.38 74.43 116.81 NOTE
r-devel-linux-x86_64-debian-gcc 0.2.0 26.99 55.70 82.69 NOTE
r-devel-linux-x86_64-fedora-clang 0.2.0 155.99 NOTE
r-devel-linux-x86_64-fedora-gcc 0.2.0 137.67 NOTE
r-devel-windows-x86_64 0.2.0 43.00 101.00 144.00 NOTE
r-devel-windows-x86_64-gcc10-UCRT 0.2.0 NOTE
r-patched-linux-x86_64 0.2.0 31.34 68.74 100.08 NOTE
r-patched-solaris-x86 0.2.0 174.50 NOTE
r-release-linux-x86_64 0.2.0 28.26 69.46 97.72 NOTE
r-release-macos-arm64 0.2.0 NOTE
r-release-macos-x86_64 0.2.0 NOTE
r-release-windows-ix86+x86_64 0.2.0 98.00 129.00 227.00 NOTE
r-oldrel-macos-x86_64 0.2.0 OK
r-oldrel-windows-ix86+x86_64 0.2.0 99.00 116.00 215.00 OK

Check Details

Version: 0.2.0
Check: LazyData
Result: NOTE
     'LazyData' is specified without a 'data' directory
Flavors: r-devel-linux-x86_64-debian-clang, r-devel-linux-x86_64-debian-gcc, r-devel-linux-x86_64-fedora-clang, r-devel-linux-x86_64-fedora-gcc, r-devel-windows-x86_64, r-devel-windows-x86_64-gcc10-UCRT, r-patched-linux-x86_64, r-patched-solaris-x86, r-release-linux-x86_64, r-release-macos-arm64, r-release-macos-x86_64, r-release-windows-ix86+x86_64