Last updated on 2021-07-01 01:49:13 CEST.
Flavor | Version | Tinstall | Tcheck | Ttotal | Status | Flags |
---|---|---|---|---|---|---|
r-devel-linux-x86_64-debian-clang | 2.5 | 9.17 | 75.67 | 84.84 | OK | |
r-devel-linux-x86_64-debian-gcc | 2.5 | 7.87 | 56.94 | 64.81 | OK | |
r-devel-linux-x86_64-fedora-clang | 2.5 | 109.61 | NOTE | |||
r-devel-linux-x86_64-fedora-gcc | 2.5 | 100.66 | NOTE | |||
r-devel-windows-x86_64 | 2.5 | 11.00 | 97.00 | 108.00 | OK | |
r-devel-windows-x86_64-gcc10-UCRT | 2.5 | NOTE | ||||
r-patched-linux-x86_64 | 2.5 | 13.65 | 72.61 | 86.26 | OK | |
r-patched-solaris-x86 | 2.5 | 127.90 | NOTE | |||
r-release-linux-x86_64 | 2.5 | 8.75 | 72.38 | 81.13 | OK | |
r-release-macos-arm64 | 2.5 | NOTE | ||||
r-release-macos-x86_64 | 2.5 | NOTE | ||||
r-release-windows-ix86+x86_64 | 2.5 | 32.00 | 82.00 | 114.00 | OK | |
r-oldrel-macos-x86_64 | 2.5 | NOTE | ||||
r-oldrel-windows-ix86+x86_64 | 2.5 | 16.00 | 94.00 | 110.00 | OK |
Version: 2.5
Check: dependencies in R code
Result: NOTE
Namespace in Imports field not imported from: ‘graph’
All declared Imports should be used.
Flavors: r-devel-linux-x86_64-fedora-clang, r-devel-linux-x86_64-fedora-gcc, r-devel-windows-x86_64-gcc10-UCRT, r-patched-solaris-x86, r-release-macos-arm64, r-release-macos-x86_64, r-oldrel-macos-x86_64