Last updated on 2021-07-01 01:49:13 CEST.
Flavor | Version | Tinstall | Tcheck | Ttotal | Status | Flags |
---|---|---|---|---|---|---|
r-devel-linux-x86_64-debian-clang | 3.0.0 | 13.31 | 85.45 | 98.76 | OK | |
r-devel-linux-x86_64-debian-gcc | 3.0.0 | 10.20 | 64.36 | 74.56 | OK | |
r-devel-linux-x86_64-fedora-clang | 3.0.0 | 126.75 | OK | |||
r-devel-linux-x86_64-fedora-gcc | 3.0.0 | 112.95 | OK | |||
r-devel-windows-x86_64 | 3.0.0 | 20.00 | 107.00 | 127.00 | OK | |
r-devel-windows-x86_64-gcc10-UCRT | 3.0.0 | OK | ||||
r-patched-linux-x86_64 | 3.0.0 | 18.43 | 79.83 | 98.26 | OK | |
r-patched-solaris-x86 | 3.0.0 | 160.80 | NOTE | |||
r-release-linux-x86_64 | 3.0.0 | 13.25 | 81.34 | 94.59 | OK | |
r-release-macos-arm64 | 3.0.0 | ERROR | ||||
r-release-macos-x86_64 | 3.0.0 | OK | ||||
r-release-windows-ix86+x86_64 | 3.0.0 | 25.00 | 98.00 | 123.00 | OK | |
r-oldrel-macos-x86_64 | 3.0.0 | OK | ||||
r-oldrel-windows-ix86+x86_64 | 3.0.0 | 24.00 | 91.00 | 115.00 | OK |
Version: 3.0.0
Check: installed package size
Result: NOTE
installed size is 5.1Mb
sub-directories of 1Mb or more:
data 4.5Mb
Flavor: r-patched-solaris-x86
Version: 3.0.0
Check: tests
Result: ERROR
Running ‘testthat.R’ [0s/0s]
Running the tests in ‘tests/testthat.R’ failed.
Complete output:
> library(testthat)
Error in library(testthat) : there is no package called 'testthat'
Execution halted
Flavor: r-release-macos-arm64