Last updated on 2021-07-01 01:49:13 CEST.
Flavor | Version | Tinstall | Tcheck | Ttotal | Status | Flags |
---|---|---|---|---|---|---|
r-devel-linux-x86_64-debian-clang | 0.5.3 | 8.98 | 110.93 | 119.91 | OK | |
r-devel-linux-x86_64-debian-gcc | 0.5.3 | 7.47 | 79.28 | 86.75 | OK | |
r-devel-linux-x86_64-fedora-clang | 0.5.3 | 145.57 | NOTE | |||
r-devel-linux-x86_64-fedora-gcc | 0.5.3 | 133.69 | NOTE | |||
r-devel-windows-x86_64 | 0.5.3 | 12.00 | 131.00 | 143.00 | OK | |
r-devel-windows-x86_64-gcc10-UCRT | 0.5.3 | NOTE | ||||
r-patched-linux-x86_64 | 0.5.3 | 12.43 | 99.87 | 112.30 | OK | |
r-patched-solaris-x86 | 0.5.3 | 185.30 | NOTE | |||
r-release-linux-x86_64 | 0.5.3 | 10.36 | 100.41 | 110.77 | OK | |
r-release-macos-arm64 | 0.5.3 | NOTE | ||||
r-release-macos-x86_64 | 0.5.3 | NOTE | ||||
r-release-windows-ix86+x86_64 | 0.5.3 | 20.00 | 122.00 | 142.00 | OK | |
r-oldrel-macos-x86_64 | 0.5.3 | NOTE | ||||
r-oldrel-windows-ix86+x86_64 | 0.5.3 | 20.00 | 111.00 | 131.00 | OK |
Version: 0.5.3
Check: data for non-ASCII characters
Result: NOTE
Note: found 6242 marked UTF-8 strings
Flavors: r-devel-linux-x86_64-fedora-clang, r-devel-linux-x86_64-fedora-gcc, r-devel-windows-x86_64-gcc10-UCRT, r-patched-solaris-x86, r-release-macos-arm64, r-release-macos-x86_64, r-oldrel-macos-x86_64