Last updated on 2021-07-01 01:49:13 CEST.
Flavor | Version | Tinstall | Tcheck | Ttotal | Status | Flags |
---|---|---|---|---|---|---|
r-devel-linux-x86_64-debian-clang | 0.2.1 | 49.16 | 28.52 | 77.68 | OK | |
r-devel-linux-x86_64-debian-gcc | 0.2.1 | 32.42 | 22.79 | 55.21 | OK | |
r-devel-linux-x86_64-fedora-clang | 0.2.1 | 115.94 | OK | |||
r-devel-linux-x86_64-fedora-gcc | 0.2.1 | 98.34 | OK | |||
r-devel-windows-x86_64 | 0.2.1 | 45.00 | 60.00 | 105.00 | OK | |
r-devel-windows-x86_64-gcc10-UCRT | 0.2.1 | OK | ||||
r-patched-linux-x86_64 | 0.2.1 | 43.73 | 27.85 | 71.58 | OK | |
r-patched-solaris-x86 | 0.2.1 | 109.30 | OK | |||
r-release-linux-x86_64 | 0.2.1 | 40.77 | 28.05 | 68.82 | OK | |
r-release-macos-arm64 | 0.2.1 | NOTE | ||||
r-release-macos-x86_64 | 0.2.1 | OK | ||||
r-release-windows-ix86+x86_64 | 0.2.1 | 79.00 | 65.00 | 144.00 | OK | |
r-oldrel-macos-x86_64 | 0.2.1 | OK | ||||
r-oldrel-windows-ix86+x86_64 | 0.2.1 | 112.00 | 74.00 | 186.00 | OK |
Version: 0.2.1
Check: installed package size
Result: NOTE
installed size is 5.5Mb
sub-directories of 1Mb or more:
libs 4.9Mb
Flavor: r-release-macos-arm64