CRAN Package Check Results for Package globalOptTests

Last updated on 2021-07-01 01:49:13 CEST.

Flavor Version Tinstall Tcheck Ttotal Status Flags
r-devel-linux-x86_64-debian-clang 1.1 3.05 20.55 23.60 NOTE
r-devel-linux-x86_64-debian-gcc 1.1 2.13 16.30 18.43 NOTE
r-devel-linux-x86_64-fedora-clang 1.1 38.94 NOTE
r-devel-linux-x86_64-fedora-gcc 1.1 28.25 NOTE
r-devel-windows-x86_64 1.1 5.00 29.00 34.00 NOTE
r-devel-windows-x86_64-gcc10-UCRT 1.1 NOTE
r-patched-linux-x86_64 1.1 2.84 19.90 22.74 NOTE
r-patched-solaris-x86 1.1 42.50 NOTE
r-release-linux-x86_64 1.1 2.55 20.10 22.65 NOTE
r-release-macos-arm64 1.1 NOTE
r-release-macos-x86_64 1.1 NOTE
r-release-windows-ix86+x86_64 1.1 6.00 29.00 35.00 NOTE
r-oldrel-macos-x86_64 1.1 NOTE
r-oldrel-windows-ix86+x86_64 1.1 7.00 29.00 36.00 NOTE

Check Details

Version: 1.1
Check: DESCRIPTION meta-information
Result: NOTE
    Malformed Description field: should contain one or more complete sentences.
Flavors: r-devel-linux-x86_64-debian-clang, r-devel-linux-x86_64-debian-gcc, r-devel-linux-x86_64-fedora-clang, r-devel-linux-x86_64-fedora-gcc, r-devel-windows-x86_64, r-devel-windows-x86_64-gcc10-UCRT, r-patched-linux-x86_64, r-patched-solaris-x86, r-release-linux-x86_64, r-release-macos-arm64, r-release-macos-x86_64, r-release-windows-ix86+x86_64, r-oldrel-macos-x86_64, r-oldrel-windows-ix86+x86_64

Version: 1.1
Check: compiled code
Result: NOTE
    File ‘globalOptTests/libs/globalOptTests.so’:
     Found no calls to: ‘R_registerRoutines’, ‘R_useDynamicSymbols’
    
    It is good practice to register native routines and to disable symbol
    search.
    
    See ‘Writing portable packages’ in the ‘Writing R Extensions’ manual.
Flavors: r-devel-linux-x86_64-fedora-clang, r-devel-linux-x86_64-fedora-gcc