Last updated on 2021-07-01 01:49:13 CEST.
Flavor | Version | Tinstall | Tcheck | Ttotal | Status | Flags |
---|---|---|---|---|---|---|
r-devel-linux-x86_64-debian-clang | 0.0.7 | 42.76 | 119.64 | 162.40 | OK | |
r-devel-linux-x86_64-debian-gcc | 0.0.7 | 27.28 | 92.13 | 119.41 | OK | |
r-devel-linux-x86_64-fedora-clang | 0.0.7 | 209.15 | NOTE | |||
r-devel-linux-x86_64-fedora-gcc | 0.0.7 | 191.48 | NOTE | |||
r-devel-windows-x86_64 | 0.0.7 | 55.00 | 158.00 | 213.00 | OK | |
r-devel-windows-x86_64-gcc10-UCRT | 0.0.7 | NOTE | ||||
r-patched-linux-x86_64 | 0.0.7 | 35.28 | 113.70 | 148.98 | OK | |
r-patched-solaris-x86 | 0.0.7 | 259.70 | NOTE | |||
r-release-linux-x86_64 | 0.0.7 | 31.63 | 114.42 | 146.05 | OK | |
r-release-macos-arm64 | 0.0.7 | NOTE | ||||
r-release-macos-x86_64 | 0.0.7 | NOTE | ||||
r-release-windows-ix86+x86_64 | 0.0.7 | 90.00 | 232.00 | 322.00 | OK | |
r-oldrel-macos-x86_64 | 0.0.7 | NOTE | ||||
r-oldrel-windows-ix86+x86_64 | 0.0.7 | 69.00 | 202.00 | 271.00 | OK |
Version: 0.0.7
Check: data for non-ASCII characters
Result: NOTE
Note: found 1352 marked UTF-8 strings
Flavors: r-devel-linux-x86_64-fedora-clang, r-devel-linux-x86_64-fedora-gcc, r-devel-windows-x86_64-gcc10-UCRT, r-patched-solaris-x86, r-release-macos-arm64, r-release-macos-x86_64, r-oldrel-macos-x86_64