Last updated on 2021-07-01 01:49:13 CEST.
Flavor | Version | Tinstall | Tcheck | Ttotal | Status | Flags |
---|---|---|---|---|---|---|
r-devel-linux-x86_64-debian-clang | 0.12.0 | 33.02 | 213.34 | 246.36 | OK | |
r-devel-linux-x86_64-debian-gcc | 0.12.0 | 22.94 | 157.78 | 180.72 | OK | |
r-devel-linux-x86_64-fedora-clang | 0.12.0 | 305.86 | OK | |||
r-devel-linux-x86_64-fedora-gcc | 0.12.0 | 293.18 | OK | |||
r-devel-windows-x86_64 | 0.12.0 | 37.00 | 267.00 | 304.00 | OK | |
r-devel-windows-x86_64-gcc10-UCRT | 0.12.0 | OK | ||||
r-patched-linux-x86_64 | 0.12.0 | 25.92 | 205.49 | 231.41 | OK | |
r-patched-solaris-x86 | 0.12.0 | 520.70 | OK | |||
r-release-linux-x86_64 | 0.12.0 | 27.71 | 201.51 | 229.22 | OK | |
r-release-macos-arm64 | 0.12.0 | OK | ||||
r-release-macos-x86_64 | 0.12.0 | OK | ||||
r-release-windows-ix86+x86_64 | 0.12.0 | 59.00 | 320.00 | 379.00 | NOTE | |
r-oldrel-macos-x86_64 | 0.12.0 | OK | ||||
r-oldrel-windows-ix86+x86_64 | 0.12.0 | 77.00 | 300.00 | 377.00 | NOTE |
Version: 0.12.0
Check: installed package size
Result: NOTE
installed size is 5.5Mb
sub-directories of 1Mb or more:
doc 3.1Mb
libs 2.0Mb
Flavors: r-release-windows-ix86+x86_64, r-oldrel-windows-ix86+x86_64