CRAN Package Check Results for Package graphscan

Last updated on 2021-07-01 01:49:13 CEST.

Flavor Version Tinstall Tcheck Ttotal Status Flags
r-devel-linux-x86_64-debian-clang 1.1.1 13.84 64.22 78.06 OK
r-devel-linux-x86_64-debian-gcc 1.1.1 9.35 50.08 59.43 OK
r-devel-linux-x86_64-fedora-clang 1.1.1 100.35 NOTE
r-devel-linux-x86_64-fedora-gcc 1.1.1 91.09 NOTE
r-devel-windows-x86_64 1.1.1 34.00 106.00 140.00 OK
r-devel-windows-x86_64-gcc10-UCRT 1.1.1 OK
r-patched-linux-x86_64 1.1.1 11.45 62.28 73.73 OK
r-patched-solaris-x86 1.1.1 129.00 OK
r-release-linux-x86_64 1.1.1 10.84 61.97 72.81 OK
r-release-macos-arm64 1.1.1 OK
r-release-macos-x86_64 1.1.1 OK
r-release-windows-ix86+x86_64 1.1.1 33.00 99.00 132.00 OK
r-oldrel-macos-x86_64 1.1.1 OK
r-oldrel-windows-ix86+x86_64 1.1.1 32.00 98.00 130.00 OK

Check Details

Version: 1.1.1
Check: compiled code
Result: NOTE
    File ‘graphscan/libs/graphscan.so’:
     Found no calls to: ‘R_registerRoutines’, ‘R_useDynamicSymbols’
    
    It is good practice to register native routines and to disable symbol
    search.
    
    See ‘Writing portable packages’ in the ‘Writing R Extensions’ manual.
Flavors: r-devel-linux-x86_64-fedora-clang, r-devel-linux-x86_64-fedora-gcc