Last updated on 2021-07-01 01:49:13 CEST.
Flavor | Version | Tinstall | Tcheck | Ttotal | Status | Flags |
---|---|---|---|---|---|---|
r-devel-linux-x86_64-debian-clang | 0.2.0 | 8.27 | 149.47 | 157.74 | NOTE | |
r-devel-linux-x86_64-debian-gcc | 0.2.0 | 6.74 | 110.52 | 117.26 | NOTE | |
r-devel-linux-x86_64-fedora-clang | 0.2.0 | 202.85 | NOTE | |||
r-devel-linux-x86_64-fedora-gcc | 0.2.0 | 185.35 | NOTE | |||
r-devel-windows-x86_64 | 0.2.0 | 13.00 | 214.00 | 227.00 | WARN | |
r-devel-windows-x86_64-gcc10-UCRT | 0.2.0 | NOTE | ||||
r-patched-linux-x86_64 | 0.2.0 | 8.11 | 142.38 | 150.49 | NOTE | |
r-patched-solaris-x86 | 0.2.0 | 228.10 | NOTE | |||
r-release-linux-x86_64 | 0.2.0 | 7.03 | 141.06 | 148.09 | NOTE | |
r-release-macos-arm64 | 0.2.0 | NOTE | ||||
r-release-macos-x86_64 | 0.2.0 | NOTE | ||||
r-release-windows-ix86+x86_64 | 0.2.0 | 38.00 | 204.00 | 242.00 | WARN | |
r-oldrel-macos-x86_64 | 0.2.0 | OK | ||||
r-oldrel-windows-ix86+x86_64 | 0.2.0 | 19.00 | 217.00 | 236.00 | WARN |
Version: 0.2.0
Check: LazyData
Result: NOTE
'LazyData' is specified without a 'data' directory
Flavors: r-devel-linux-x86_64-debian-clang, r-devel-linux-x86_64-debian-gcc, r-devel-linux-x86_64-fedora-clang, r-devel-linux-x86_64-fedora-gcc, r-devel-windows-x86_64, r-devel-windows-x86_64-gcc10-UCRT, r-patched-linux-x86_64, r-patched-solaris-x86, r-release-linux-x86_64, r-release-macos-arm64, r-release-macos-x86_64, r-release-windows-ix86+x86_64
Version: 0.2.0
Check: re-building of vignette outputs
Result: WARN
Error(s) in re-building vignettes:
--- re-building 'grob_layout.Rmd' using rmarkdown
--- finished re-building 'grob_layout.Rmd'
--- re-building 'grob_matrix.Rmd' using rmarkdown
--- finished re-building 'grob_matrix.Rmd'
--- re-building 'grobblR.Rmd' using rmarkdown
Quitting from lines 260-278 (grobblR.Rmd)
Error: processing vignette 'grobblR.Rmd' failed with diagnostics:
The object passed through grob_image() must either be a ggplot object, an existing URL to a .png image or an existing local file path to a .png image.
--- failed re-building 'grobblR.Rmd'
SUMMARY: processing the following file failed:
'grobblR.Rmd'
Error: Vignette re-building failed.
Execution halted
Flavors: r-devel-windows-x86_64, r-release-windows-ix86+x86_64, r-oldrel-windows-ix86+x86_64