CRAN Package Check Results for Package groupICA

Last updated on 2021-07-01 01:49:13 CEST.

Flavor Version Tinstall Tcheck Ttotal Status Flags
r-devel-linux-x86_64-debian-clang 0.1.1 2.28 24.03 26.31 NOTE
r-devel-linux-x86_64-debian-gcc 0.1.1 1.67 18.72 20.39 NOTE
r-devel-linux-x86_64-fedora-clang 0.1.1 42.28 NOTE
r-devel-linux-x86_64-fedora-gcc 0.1.1 30.72 NOTE
r-devel-windows-x86_64 0.1.1 4.00 39.00 43.00 NOTE
r-devel-windows-x86_64-gcc10-UCRT 0.1.1 NOTE
r-patched-linux-x86_64 0.1.1 2.33 23.18 25.51 NOTE
r-patched-solaris-x86 0.1.1 45.90 NOTE
r-release-linux-x86_64 0.1.1 2.24 23.52 25.76 NOTE
r-release-macos-arm64 0.1.1 NOTE
r-release-macos-x86_64 0.1.1 NOTE
r-release-windows-ix86+x86_64 0.1.1 4.00 34.00 38.00 NOTE
r-oldrel-macos-x86_64 0.1.1 OK
r-oldrel-windows-ix86+x86_64 0.1.1 5.00 39.00 44.00 OK

Check Details

Version: 0.1.1
Check: LazyData
Result: NOTE
     'LazyData' is specified without a 'data' directory
Flavors: r-devel-linux-x86_64-debian-clang, r-devel-linux-x86_64-debian-gcc, r-devel-linux-x86_64-fedora-clang, r-devel-linux-x86_64-fedora-gcc, r-devel-windows-x86_64, r-devel-windows-x86_64-gcc10-UCRT, r-patched-linux-x86_64, r-patched-solaris-x86, r-release-linux-x86_64, r-release-macos-arm64, r-release-macos-x86_64, r-release-windows-ix86+x86_64