Last updated on 2021-07-01 01:49:13 CEST.
Flavor | Version | Tinstall | Tcheck | Ttotal | Status | Flags |
---|---|---|---|---|---|---|
r-devel-linux-x86_64-debian-clang | 0.14 | 279.17 | 128.29 | 407.46 | WARN | |
r-devel-linux-x86_64-debian-gcc | 0.14 | 193.63 | 92.18 | 285.81 | WARN | |
r-devel-linux-x86_64-fedora-clang | 0.14 | 575.71 | WARN | |||
r-devel-linux-x86_64-fedora-gcc | 0.14 | 519.78 | WARN | |||
r-devel-windows-x86_64 | 0.14 | 243.00 | 162.00 | 405.00 | WARN | |
r-devel-windows-x86_64-gcc10-UCRT | 0.14 | WARN | ||||
r-patched-linux-x86_64 | 0.14 | 230.43 | 118.05 | 348.48 | WARN | |
r-patched-solaris-x86 | 0.14 | 479.60 | WARN | |||
r-release-linux-x86_64 | 0.14 | 237.06 | 118.89 | 355.95 | WARN | |
r-release-macos-arm64 | 0.14 | NOTE | ||||
r-release-macos-x86_64 | 0.14 | NOTE | ||||
r-release-windows-ix86+x86_64 | 0.14 | 541.00 | 224.00 | 765.00 | OK | |
r-oldrel-macos-x86_64 | 0.14 | NOTE | ||||
r-oldrel-windows-ix86+x86_64 | 0.14 | 617.00 | 202.00 | 819.00 | OK |
Version: 0.14
Check: whether package can be installed
Result: WARN
Found the following significant warnings:
Warning: replacing previous import 'mvtnorm::rmvnorm' by 'spam::rmvnorm' when loading 'growfunctions'
Flavors: r-devel-linux-x86_64-debian-clang, r-devel-linux-x86_64-debian-gcc, r-devel-linux-x86_64-fedora-clang, r-devel-linux-x86_64-fedora-gcc, r-devel-windows-x86_64, r-devel-windows-x86_64-gcc10-UCRT, r-patched-linux-x86_64, r-patched-solaris-x86, r-release-linux-x86_64
Version: 0.14
Check: installed package size
Result: NOTE
installed size is 16.5Mb
sub-directories of 1Mb or more:
libs 16.0Mb
Flavors: r-devel-linux-x86_64-fedora-clang, r-release-macos-arm64, r-release-macos-x86_64, r-oldrel-macos-x86_64