CRAN Package Check Results for Package heddlr

Last updated on 2021-07-01 01:49:14 CEST.

Flavor Version Tinstall Tcheck Ttotal Status Flags
r-devel-linux-x86_64-debian-clang 0.6.0 2.38 31.63 34.01 NOTE
r-devel-linux-x86_64-debian-gcc 0.6.0 1.68 23.69 25.37 NOTE
r-devel-linux-x86_64-fedora-clang 0.6.0 50.81 NOTE
r-devel-linux-x86_64-fedora-gcc 0.6.0 40.73 NOTE
r-devel-windows-x86_64 0.6.0 4.00 48.00 52.00 NOTE
r-devel-windows-x86_64-gcc10-UCRT 0.6.0 NOTE
r-patched-linux-x86_64 0.6.0 2.47 30.65 33.12 NOTE
r-patched-solaris-x86 0.6.0 57.20 NOTE
r-release-linux-x86_64 0.6.0 2.28 29.81 32.09 NOTE
r-release-macos-arm64 0.6.0 NOTE
r-release-macos-x86_64 0.6.0 NOTE
r-release-windows-ix86+x86_64 0.6.0 5.00 44.00 49.00 NOTE
r-oldrel-macos-x86_64 0.6.0 OK
r-oldrel-windows-ix86+x86_64 0.6.0 6.00 39.00 45.00 OK

Check Details

Version: 0.6.0
Check: LazyData
Result: NOTE
     'LazyData' is specified without a 'data' directory
Flavors: r-devel-linux-x86_64-debian-clang, r-devel-linux-x86_64-debian-gcc, r-devel-linux-x86_64-fedora-clang, r-devel-linux-x86_64-fedora-gcc, r-devel-windows-x86_64, r-devel-windows-x86_64-gcc10-UCRT, r-patched-linux-x86_64, r-patched-solaris-x86, r-release-linux-x86_64, r-release-macos-arm64, r-release-macos-x86_64, r-release-windows-ix86+x86_64

Version: 0.6.0
Check: Rd cross-references
Result: NOTE
    Undeclared package ‘tibble’ in Rd xrefs
Flavor: r-devel-linux-x86_64-fedora-clang