CRAN Package Check Results for Package heemod

Last updated on 2021-07-01 01:49:14 CEST.

Flavor Version Tinstall Tcheck Ttotal Status Flags
r-devel-linux-x86_64-debian-clang 0.14.2 14.53 498.65 513.18 NOTE
r-devel-linux-x86_64-debian-gcc 0.14.2 10.98 357.73 368.71 NOTE
r-devel-linux-x86_64-fedora-clang 0.14.2 577.27 NOTE
r-devel-linux-x86_64-fedora-gcc 0.14.2 583.09 NOTE
r-devel-windows-x86_64 0.14.2 17.00 569.00 586.00 NOTE
r-devel-windows-x86_64-gcc10-UCRT 0.14.2 NOTE
r-patched-linux-x86_64 0.14.2 12.02 474.65 486.67 WARN
r-patched-solaris-x86 0.14.2 663.70 NOTE
r-release-linux-x86_64 0.14.2 13.14 464.65 477.79 NOTE
r-release-macos-arm64 0.14.2 NOTE
r-release-macos-x86_64 0.14.2 NOTE
r-release-windows-ix86+x86_64 0.14.2 45.00 545.00 590.00 NOTE
r-oldrel-macos-x86_64 0.14.2 OK
r-oldrel-windows-ix86+x86_64 0.14.2 27.00 477.00 504.00 OK

Check Details

Version: 0.14.2
Check: LazyData
Result: NOTE
     'LazyData' is specified without a 'data' directory
Flavors: r-devel-linux-x86_64-debian-clang, r-devel-linux-x86_64-debian-gcc, r-devel-linux-x86_64-fedora-clang, r-devel-linux-x86_64-fedora-gcc, r-devel-windows-x86_64, r-devel-windows-x86_64-gcc10-UCRT, r-patched-linux-x86_64, r-patched-solaris-x86, r-release-linux-x86_64, r-release-macos-arm64, r-release-macos-x86_64, r-release-windows-ix86+x86_64

Version: 0.14.2
Check: re-building of vignette outputs
Result: WARN
    Error(s) in re-building vignettes:
     ...
    --- re-building ‘a_introduction.Rmd’ using rmarkdown
    Scale for 'colour' is already present. Adding another scale for 'colour',
    which will replace the existing scale.
    Scale for 'colour' is already present. Adding another scale for 'colour',
    which will replace the existing scale.
    --- finished re-building ‘a_introduction.Rmd’
    
    --- re-building ‘b_time_dependency.Rmd’ using rmarkdown
    --- finished re-building ‘b_time_dependency.Rmd’
    
    --- re-building ‘c_homogeneous.Rmd’ using rmarkdown
    Scale for 'colour' is already present. Adding another scale for 'colour',
    which will replace the existing scale.
    Scale for 'colour' is already present. Adding another scale for 'colour',
    which will replace the existing scale.
    Scale for 'colour' is already present. Adding another scale for 'colour',
    which will replace the existing scale.
    --- finished re-building ‘c_homogeneous.Rmd’
    
    --- re-building ‘d_non_homogeneous.Rmd’ using rmarkdown
    --- finished re-building ‘d_non_homogeneous.Rmd’
    
    --- re-building ‘e_probabilistic.Rmd’ using rmarkdown
    Quitting from lines 232-233 (e_probabilistic.Rmd)
    Error: processing vignette 'e_probabilistic.Rmd' failed with diagnostics:
    magic, the gcv/ubre optimizer, failed to converge after 400 iterations.
    --- failed re-building ‘e_probabilistic.Rmd’
    
    --- re-building ‘f_sensitivity.Rmd’ using rmarkdown
    --- finished re-building ‘f_sensitivity.Rmd’
    
    --- re-building ‘g_heterogeneity.Rmd’ using rmarkdown
    --- finished re-building ‘g_heterogeneity.Rmd’
    
    --- re-building ‘h_tabular.Rmd’ using rmarkdown
    --- finished re-building ‘h_tabular.Rmd’
    
    --- re-building ‘i_reproduction.Rmd’ using rmarkdown
    --- finished re-building ‘i_reproduction.Rmd’
    
    --- re-building ‘j_survival.Rmd’ using rmarkdown
    --- finished re-building ‘j_survival.Rmd’
    
    --- re-building ‘k_calibration.Rmd’ using rmarkdown
    
    Attaching package: 'dplyr'
    
    The following objects are masked from 'package:stats':
    
     filter, lag
    
    The following objects are masked from 'package:base':
    
     intersect, setdiff, setequal, union
    
    --- finished re-building ‘k_calibration.Rmd’
    
    SUMMARY: processing the following file failed:
     ‘e_probabilistic.Rmd’
    
    Error: Vignette re-building failed.
    Execution halted
Flavor: r-patched-linux-x86_64