Last updated on 2021-07-01 01:49:14 CEST.
Flavor | Version | Tinstall | Tcheck | Ttotal | Status | Flags |
---|---|---|---|---|---|---|
r-devel-linux-x86_64-debian-clang | 0.0-9 | 3.30 | 39.38 | 42.68 | OK | |
r-devel-linux-x86_64-debian-gcc | 0.0-9 | 2.51 | 30.07 | 32.58 | OK | |
r-devel-linux-x86_64-fedora-clang | 0.0-9 | 64.40 | OK | |||
r-devel-linux-x86_64-fedora-gcc | 0.0-9 | 53.01 | OK | |||
r-devel-windows-x86_64 | 0.0-9 | 5.00 | 53.00 | 58.00 | OK | |
r-devel-windows-x86_64-gcc10-UCRT | 0.0-9 | OK | ||||
r-patched-linux-x86_64 | 0.0-9 | 3.72 | 39.84 | 43.56 | OK | |
r-patched-solaris-x86 | 0.0-9 | 77.70 | OK | |||
r-release-linux-x86_64 | 0.0-9 | 3.12 | 38.31 | 41.43 | OK | |
r-release-macos-arm64 | 0.0-9 | ERROR | ||||
r-release-macos-x86_64 | 0.0-9 | OK | ||||
r-release-windows-ix86+x86_64 | 0.0-9 | 7.00 | 47.00 | 54.00 | OK | |
r-oldrel-macos-x86_64 | 0.0-9 | OK | ||||
r-oldrel-windows-ix86+x86_64 | 0.0-9 | 7.00 | 45.00 | 52.00 | OK |
Version: 0.0-9
Check: whether package can be installed
Result: ERROR
Installation failed.
Flavor: r-release-macos-arm64