CRAN Package Check Results for Package hexSticker

Last updated on 2021-07-01 01:49:14 CEST.

Flavor Version Tinstall Tcheck Ttotal Status Flags
r-devel-linux-x86_64-debian-clang 0.4.9 5.19 56.67 61.86 NOTE
r-devel-linux-x86_64-debian-gcc 0.4.9 4.23 42.35 46.58 NOTE
r-devel-linux-x86_64-fedora-clang 0.4.9 82.42 NOTE
r-devel-linux-x86_64-fedora-gcc 0.4.9 69.15 NOTE
r-devel-windows-x86_64 0.4.9 9.00 74.00 83.00 NOTE
r-devel-windows-x86_64-gcc10-UCRT 0.4.9 NOTE
r-patched-linux-x86_64 0.4.9 5.70 51.83 57.53 NOTE
r-patched-solaris-x86 0.4.9 114.90 NOTE
r-release-linux-x86_64 0.4.9 5.22 52.53 57.75 NOTE
r-release-macos-arm64 0.4.9 ERROR
r-release-macos-x86_64 0.4.9 NOTE
r-release-windows-ix86+x86_64 0.4.9 15.00 68.00 83.00 NOTE
r-oldrel-macos-x86_64 0.4.9 OK
r-oldrel-windows-ix86+x86_64 0.4.9 16.00 63.00 79.00 OK

Check Details

Version: 0.4.9
Check: LazyData
Result: NOTE
     'LazyData' is specified without a 'data' directory
Flavors: r-devel-linux-x86_64-debian-clang, r-devel-linux-x86_64-debian-gcc, r-devel-linux-x86_64-fedora-clang, r-devel-linux-x86_64-fedora-gcc, r-devel-windows-x86_64, r-devel-windows-x86_64-gcc10-UCRT, r-patched-linux-x86_64, r-patched-solaris-x86, r-release-linux-x86_64, r-release-macos-x86_64, r-release-windows-ix86+x86_64

Version: 0.4.9
Check: package dependencies
Result: ERROR
    Packages required but not available: 'showtext', 'sysfonts'
    
    See section ‘The DESCRIPTION file’ in the ‘Writing R Extensions’
    manual.
Flavor: r-release-macos-arm64